CRAN Package Check Results for Package dblr

Last updated on 2021-09-26 04:50:28 CEST.

Flavor Version Tinstall Tcheck Ttotal Status Flags
r-devel-linux-x86_64-debian-clang 0.1.0 7.80 69.35 77.15 NOTE
r-devel-linux-x86_64-debian-gcc 0.1.0 6.73 52.42 59.15 NOTE
r-devel-linux-x86_64-fedora-clang 0.1.0 97.32 NOTE
r-devel-linux-x86_64-fedora-gcc 0.1.0 89.35 NOTE
r-devel-windows-x86_64 0.1.0 9.00 64.00 73.00 NOTE
r-devel-windows-x86_64-gcc10-UCRT 0.1.0 NOTE
r-patched-linux-x86_64 0.1.0 7.21 63.70 70.91 NOTE
r-patched-solaris-x86 0.1.0 128.10 NOTE
r-release-linux-x86_64 0.1.0 6.28 63.31 69.59 NOTE
r-release-macos-arm64 0.1.0 NOTE
r-release-macos-x86_64 0.1.0 NOTE
r-release-windows-ix86+x86_64 0.1.0 17.00 59.00 76.00 NOTE
r-oldrel-macos-x86_64 0.1.0 OK
r-oldrel-windows-ix86+x86_64 0.1.0 13.00 65.00 78.00 OK

Check Details

Version: 0.1.0
Check: LazyData
Result: NOTE
     'LazyData' is specified without a 'data' directory
Flavors: r-devel-linux-x86_64-debian-clang, r-devel-linux-x86_64-debian-gcc, r-devel-linux-x86_64-fedora-clang, r-devel-linux-x86_64-fedora-gcc, r-devel-windows-x86_64, r-devel-windows-x86_64-gcc10-UCRT, r-patched-linux-x86_64, r-patched-solaris-x86, r-release-linux-x86_64, r-release-macos-arm64, r-release-macos-x86_64, r-release-windows-ix86+x86_64