CRAN Package Check Results for Package dbhydroR

Last updated on 2021-09-25 16:49:23 CEST.

Flavor Version Tinstall Tcheck Ttotal Status Flags
r-devel-linux-x86_64-debian-clang 0.2-8 4.18 45.34 49.52 NOTE
r-devel-linux-x86_64-debian-gcc 0.2-8 2.72 35.02 37.74 NOTE
r-devel-linux-x86_64-fedora-clang 0.2-8 67.96 NOTE
r-devel-linux-x86_64-fedora-gcc 0.2-8 56.85 NOTE
r-devel-windows-x86_64 0.2-8 5.00 52.00 57.00 NOTE
r-devel-windows-x86_64-gcc10-UCRT 0.2-8 NOTE
r-patched-linux-x86_64 0.2-8 4.27 43.22 47.49 NOTE
r-patched-solaris-x86 0.2-8 86.50 NOTE
r-release-linux-x86_64 0.2-8 4.07 43.62 47.69 NOTE
r-release-macos-arm64 0.2-8 NOTE
r-release-macos-x86_64 0.2-8 NOTE
r-release-windows-ix86+x86_64 0.2-8 10.00 47.00 57.00 NOTE
r-oldrel-macos-x86_64 0.2-8 OK
r-oldrel-windows-ix86+x86_64 0.2-8 7.00 48.00 55.00 OK

Check Details

Version: 0.2-8
Check: LazyData
Result: NOTE
     'LazyData' is specified without a 'data' directory
Flavors: r-devel-linux-x86_64-debian-clang, r-devel-linux-x86_64-debian-gcc, r-devel-linux-x86_64-fedora-clang, r-devel-linux-x86_64-fedora-gcc, r-devel-windows-x86_64, r-devel-windows-x86_64-gcc10-UCRT, r-patched-linux-x86_64, r-patched-solaris-x86, r-release-linux-x86_64, r-release-macos-arm64, r-release-macos-x86_64, r-release-windows-ix86+x86_64