CRAN Package Check Results for Package datoramar

Last updated on 2022-07-03 05:49:47 CEST.

Flavor Version Tinstall Tcheck Ttotal Status Flags
r-devel-linux-x86_64-debian-clang 0.1.0 1.38 20.93 22.31 NOTE
r-devel-linux-x86_64-debian-gcc 0.1.0 1.67 16.21 17.88 NOTE
r-devel-linux-x86_64-fedora-clang 0.1.0 38.89 NOTE
r-devel-linux-x86_64-fedora-gcc 0.1.0 38.14 NOTE
r-devel-windows-x86_64 0.1.0 9.00 44.00 53.00 NOTE
r-patched-linux-x86_64 0.1.0 2.06 20.36 22.42 NOTE
r-release-linux-x86_64 0.1.0 1.97 20.21 22.18 NOTE
r-release-macos-arm64 0.1.0 14.00 NOTE
r-release-macos-x86_64 0.1.0 20.00 NOTE
r-release-windows-x86_64 0.1.0 9.00 45.00 54.00 NOTE
r-oldrel-macos-arm64 0.1.0 17.00 NOTE
r-oldrel-macos-x86_64 0.1.0 21.00 NOTE
r-oldrel-windows-ix86+x86_64 0.1.0 5.00 37.00 42.00 NOTE

Check Details

Version: 0.1.0
Check: LazyData
Result: NOTE
     'LazyData' is specified without a 'data' directory
Flavors: r-devel-linux-x86_64-debian-clang, r-devel-linux-x86_64-debian-gcc, r-devel-linux-x86_64-fedora-clang, r-devel-linux-x86_64-fedora-gcc, r-devel-windows-x86_64, r-patched-linux-x86_64, r-release-linux-x86_64, r-release-macos-arm64, r-release-macos-x86_64, r-release-windows-x86_64, r-oldrel-macos-arm64, r-oldrel-macos-x86_64, r-oldrel-windows-ix86+x86_64