CRAN Package Check Results for Package datapack

Last updated on 2024-04-15 05:55:13 CEST.

Flavor Version Tinstall Tcheck Ttotal Status Flags
r-devel-linux-x86_64-debian-clang 1.4.1 11.29 89.92 101.21 NOTE
r-devel-linux-x86_64-debian-gcc 1.4.1 7.37 66.74 74.11 NOTE
r-devel-linux-x86_64-fedora-clang 1.4.1 120.53 NOTE
r-devel-linux-x86_64-fedora-gcc 1.4.1 128.53 NOTE
r-devel-windows-x86_64 1.4.1 11.00 91.00 102.00 NOTE
r-patched-linux-x86_64 1.4.1 9.73 85.82 95.55 NOTE
r-release-linux-x86_64 1.4.1 10.43 83.10 93.53 OK
r-release-macos-arm64 1.4.1 43.00 OK
r-release-macos-x86_64 1.4.1 63.00 OK
r-release-windows-x86_64 1.4.1 14.00 105.00 119.00 OK
r-oldrel-macos-arm64 1.4.1 33.00 OK
r-oldrel-windows-x86_64 1.4.1 13.00 107.00 120.00 OK

Check Details

Version: 1.4.1
Check: Rd files
Result: NOTE checkRd: (-1) DataObject-class.Rd:49: Lost braces in \itemize; meant \describe ? checkRd: (-1) DataObject-class.Rd:50: Lost braces in \itemize; meant \describe ? checkRd: (-1) DataObject-class.Rd:51: Lost braces in \itemize; meant \describe ? checkRd: (-1) DataObject-class.Rd:52: Lost braces in \itemize; meant \describe ? checkRd: (-1) DataObject-class.Rd:53: Lost braces in \itemize; meant \describe ? checkRd: (-1) DataObject-class.Rd:54: Lost braces in \itemize; meant \describe ? checkRd: (-1) DataObject-class.Rd:55: Lost braces in \itemize; meant \describe ? checkRd: (-1) DataObject-class.Rd:56: Lost braces in \itemize; meant \describe ? checkRd: (-1) DataObject-class.Rd:57: Lost braces in \itemize; meant \describe ? checkRd: (-1) DataPackage-class.Rd:48: Lost braces in \itemize; meant \describe ? checkRd: (-1) DataPackage-class.Rd:49: Lost braces in \itemize; meant \describe ? checkRd: (-1) DataPackage-class.Rd:50: Lost braces in \itemize; meant \describe ? checkRd: (-1) DataPackage-class.Rd:51: Lost braces in \itemize; meant \describe ? checkRd: (-1) DataPackage-class.Rd:52: Lost braces in \itemize; meant \describe ? checkRd: (-1) DataPackage-class.Rd:53: Lost braces in \itemize; meant \describe ? checkRd: (-1) DataPackage-class.Rd:54: Lost braces in \itemize; meant \describe ? checkRd: (-1) DataPackage-class.Rd:55: Lost braces in \itemize; meant \describe ? checkRd: (-1) DataPackage-class.Rd:56: Lost braces in \itemize; meant \describe ? checkRd: (-1) DataPackage-class.Rd:57: Lost braces in \itemize; meant \describe ? checkRd: (-1) DataPackage-class.Rd:58: Lost braces in \itemize; meant \describe ? checkRd: (-1) DataPackage-class.Rd:59: Lost braces in \itemize; meant \describe ? checkRd: (-1) DataPackage-class.Rd:60: Lost braces in \itemize; meant \describe ? checkRd: (-1) DataPackage-class.Rd:61: Lost braces in \itemize; meant \describe ? checkRd: (-1) DataPackage-class.Rd:62: Lost braces in \itemize; meant \describe ? checkRd: (-1) DataPackage-class.Rd:63: Lost braces in \itemize; meant \describe ? checkRd: (-1) DataPackage-class.Rd:64: Lost braces in \itemize; meant \describe ? checkRd: (-1) DataPackage-class.Rd:65: Lost braces in \itemize; meant \describe ? checkRd: (-1) DataPackage-class.Rd:66: Lost braces in \itemize; meant \describe ? checkRd: (-1) DataPackage-class.Rd:67: Lost braces in \itemize; meant \describe ? checkRd: (-1) DataPackage-class.Rd:68: Lost braces in \itemize; meant \describe ? checkRd: (-1) DataPackage-class.Rd:69: Lost braces in \itemize; meant \describe ? checkRd: (-1) DataPackage-class.Rd:70: Lost braces in \itemize; meant \describe ? checkRd: (-1) DataPackage-class.Rd:71: Lost braces in \itemize; meant \describe ? checkRd: (-1) DataPackage-class.Rd:72: Lost braces in \itemize; meant \describe ? checkRd: (-1) DataPackage-class.Rd:73: Lost braces in \itemize; meant \describe ? checkRd: (-1) ResourceMap-class.Rd:29: Lost braces in \itemize; meant \describe ? checkRd: (-1) ResourceMap-class.Rd:30: Lost braces in \itemize; meant \describe ? checkRd: (-1) ResourceMap-class.Rd:31: Lost braces in \itemize; meant \describe ? checkRd: (-1) ResourceMap-class.Rd:32: Lost braces in \itemize; meant \describe ? checkRd: (-1) ResourceMap-class.Rd:33: Lost braces in \itemize; meant \describe ? checkRd: (-1) SystemMetadata-class.Rd:67: Lost braces in \itemize; meant \describe ? checkRd: (-1) SystemMetadata-class.Rd:68: Lost braces in \itemize; meant \describe ? checkRd: (-1) SystemMetadata-class.Rd:69: Lost braces in \itemize; meant \describe ? checkRd: (-1) SystemMetadata-class.Rd:70: Lost braces in \itemize; meant \describe ? checkRd: (-1) SystemMetadata-class.Rd:71: Lost braces in \itemize; meant \describe ? checkRd: (-1) SystemMetadata-class.Rd:72: Lost braces in \itemize; meant \describe ? checkRd: (-1) SystemMetadata-class.Rd:73: Lost braces in \itemize; meant \describe ? checkRd: (-1) SystemMetadata-class.Rd:74: Lost braces in \itemize; meant \describe ? checkRd: (-1) datapack-deprecated.Rd:13: Lost braces in \itemize; meant \describe ? checkRd: (-1) datapack-deprecated.Rd:14: Lost braces in \itemize; meant \describe ? checkRd: (-1) datapack.Rd:44: Lost braces in \itemize; meant \describe ? checkRd: (-1) datapack.Rd:45: Lost braces in \itemize; meant \describe ? checkRd: (-1) datapack.Rd:46: Lost braces in \itemize; meant \describe ? checkRd: (-1) datapack.Rd:47: Lost braces in \itemize; meant \describe ? checkRd: (-1) describeWorkflow.Rd:59: Lost braces in \itemize; meant \describe ? checkRd: (-1) describeWorkflow.Rd:60: Lost braces in \itemize; meant \describe ? checkRd: (-1) describeWorkflow.Rd:61: Lost braces in \itemize; meant \describe ? Flavors: r-devel-linux-x86_64-debian-clang, r-devel-linux-x86_64-debian-gcc, r-devel-linux-x86_64-fedora-clang, r-devel-linux-x86_64-fedora-gcc, r-devel-windows-x86_64, r-patched-linux-x86_64