CRAN Package Check Results for Package data.tree

Last updated on 2024-07-17 18:53:22 CEST.

Flavor Version Tinstall Tcheck Ttotal Status Flags
r-devel-linux-x86_64-debian-clang 1.1.0 6.33 127.71 134.04 OK
r-devel-linux-x86_64-debian-gcc 1.1.0 3.91 96.17 100.08 OK
r-devel-linux-x86_64-fedora-clang 1.1.0 177.15 OK
r-devel-linux-x86_64-fedora-gcc 1.1.0 174.23 OK
r-devel-windows-x86_64 1.1.0 6.00 123.00 129.00 NOTE
r-patched-linux-x86_64 1.1.0 7.89 124.14 132.03 OK
r-release-linux-x86_64 1.1.0 6.15 124.25 130.40 OK
r-release-macos-arm64 1.1.0 47.00 OK
r-release-macos-x86_64 1.1.0 81.00 OK
r-release-windows-x86_64 1.1.0 6.00 121.00 127.00 OK
r-oldrel-macos-arm64 1.1.0 55.00 OK
r-oldrel-macos-x86_64 1.1.0 153.00 OK
r-oldrel-windows-x86_64 1.1.0 8.00 139.00 147.00 OK

Check Details

Version: 1.1.0
Check: Rd cross-references
Result: NOTE Found the following Rd file(s) with Rd \link{} targets missing package anchors: Node.Rd: R6Class as.Node.rpart.Rd: rpart, text.rpart Please provide package anchors for all Rd \link{} targets not in the package itself and the base packages. Flavor: r-devel-windows-x86_64