CRAN Package Check Results for Package dartR

Last updated on 2021-08-03 19:52:00 CEST.

Flavor Version Tinstall Tcheck Ttotal Status Flags
r-devel-linux-x86_64-debian-clang 1.9.9.1 51.71 549.12 600.83 OK
r-devel-linux-x86_64-debian-gcc 1.9.9.1 37.65 399.88 437.53 OK
r-devel-linux-x86_64-fedora-clang 1.9.9.1 698.80 OK
r-devel-linux-x86_64-fedora-gcc 1.9.9.1 699.22 OK
r-devel-windows-x86_64 1.9.9.1 89.00 677.00 766.00 OK
r-devel-windows-x86_64-gcc10-UCRT 1.9.9.1 OK
r-patched-linux-x86_64 1.9.9.1 52.91 525.87 578.78 OK
r-release-linux-x86_64 1.9.9.1 41.96 525.74 567.70 OK
r-release-macos-arm64 1.9.9.1 ERROR
r-release-macos-x86_64 1.9.9.1 OK
r-release-windows-ix86+x86_64 1.9.9.1 96.00 675.00 771.00 OK
r-oldrel-macos-x86_64 1.9.9.1 OK
r-oldrel-windows-ix86+x86_64 1.9.9.1 100.00 696.00 796.00 OK

Check Details

Version: 1.9.9.1
Check: package dependencies
Result: ERROR
    Package required but not available: ‘SNPRelate’
    
    Package suggested but not available for checking: ‘qvalue’
    
    See section ‘The DESCRIPTION file’ in the ‘Writing R Extensions’
    manual.
Flavor: r-release-macos-arm64