CRAN Package Check Results for Package dPCP

Last updated on 2021-08-03 07:54:20 CEST.

Flavor Version Tinstall Tcheck Ttotal Status Flags
r-devel-linux-x86_64-debian-clang 1.0.4 10.18 73.41 83.59 OK
r-devel-linux-x86_64-debian-gcc 1.0.4 6.96 54.54 61.50 OK
r-devel-linux-x86_64-fedora-clang 1.0.4 104.31 OK
r-devel-linux-x86_64-fedora-gcc 1.0.4 93.44 OK
r-devel-windows-x86_64 1.0.3 26.00 95.00 121.00 NOTE
r-devel-windows-x86_64-gcc10-UCRT 1.0.4 OK
r-patched-linux-x86_64 1.0.4 10.07 68.11 78.18 OK
r-patched-solaris-x86 1.0.4 130.00 NOTE
r-release-linux-x86_64 1.0.4 9.12 68.35 77.47 OK
r-release-macos-arm64 1.0.4 OK
r-release-macos-x86_64 1.0.4 OK
r-release-windows-ix86+x86_64 1.0.3 22.00 95.00 117.00 NOTE
r-oldrel-macos-x86_64 1.0.4 OK
r-oldrel-windows-ix86+x86_64 1.0.3 22.00 94.00 116.00 OK

Check Details

Version: 1.0.3
Check: LazyData
Result: NOTE
     'LazyData' is specified without a 'data' directory
Flavors: r-devel-windows-x86_64, r-release-windows-ix86+x86_64

Version: 1.0.4
Check: installed package size
Result: NOTE
     installed size is 5.5Mb
     sub-directories of 1Mb or more:
     extdata 4.3Mb
Flavor: r-patched-solaris-x86