CRAN Package Check Results for Package czso

Last updated on 2021-07-24 07:49:22 CEST.

Flavor Version Tinstall Tcheck Ttotal Status Flags
r-devel-linux-x86_64-debian-clang 0.3.4 3.61 37.53 41.14 NOTE
r-devel-linux-x86_64-debian-gcc 0.3.4 2.65 29.14 31.79 NOTE
r-devel-linux-x86_64-fedora-clang 0.3.4 57.56 NOTE
r-devel-linux-x86_64-fedora-gcc 0.3.4 46.92 NOTE
r-devel-windows-x86_64 0.3.4 6.00 40.00 46.00 NOTE
r-devel-windows-x86_64-gcc10-UCRT 0.3.4 NOTE
r-patched-linux-x86_64 0.3.4 3.60 35.81 39.41 NOTE
r-patched-solaris-x86 0.3.4 71.80 NOTE
r-release-linux-x86_64 0.3.4 3.62 35.85 39.47 NOTE
r-release-macos-arm64 0.3.4 NOTE
r-release-macos-x86_64 0.3.4 NOTE
r-release-windows-ix86+x86_64 0.3.4 8.00 43.00 51.00 NOTE
r-oldrel-macos-x86_64 0.3.4 OK
r-oldrel-windows-ix86+x86_64 0.3.4 9.00 52.00 61.00 OK

Check Details

Version: 0.3.4
Check: LazyData
Result: NOTE
     'LazyData' is specified without a 'data' directory
Flavors: r-devel-linux-x86_64-debian-clang, r-devel-linux-x86_64-debian-gcc, r-devel-linux-x86_64-fedora-clang, r-devel-linux-x86_64-fedora-gcc, r-devel-windows-x86_64, r-devel-windows-x86_64-gcc10-UCRT, r-patched-linux-x86_64, r-patched-solaris-x86, r-release-linux-x86_64, r-release-macos-arm64, r-release-macos-x86_64, r-release-windows-ix86+x86_64