CRAN Package Check Results for Package cwbtools

Last updated on 2021-09-17 04:49:16 CEST.

Flavor Version Tinstall Tcheck Ttotal Status Flags
r-devel-linux-x86_64-debian-clang 0.3.4 6.67 81.99 88.66 OK
r-devel-linux-x86_64-debian-gcc 0.3.4 6.07 62.14 68.21 OK
r-devel-linux-x86_64-fedora-clang 0.3.4 115.57 OK
r-devel-linux-x86_64-fedora-gcc 0.3.4 109.55 OK
r-devel-windows-x86_64 0.3.4 8.00 120.00 128.00 OK
r-devel-windows-x86_64-gcc10-UCRT 0.3.4 WARN
r-patched-linux-x86_64 0.3.4 6.87 76.96 83.83 OK
r-patched-solaris-x86 0.3.4 160.70 OK
r-release-linux-x86_64 0.3.4 5.69 76.71 82.40 OK
r-release-macos-arm64 0.3.4 OK
r-release-macos-x86_64 0.3.4 OK
r-release-windows-ix86+x86_64 0.3.4 15.00 86.00 101.00 OK
r-oldrel-macos-x86_64 0.3.4 OK
r-oldrel-windows-ix86+x86_64 0.3.4 11.00 108.00 119.00 OK

Check Details

Version: 0.3.4
Check: re-building of vignette outputs
Result: WARN
    Error(s) in re-building vignettes:
    --- re-building 'opennlp.Rmd' using rmarkdown
    --- finished re-building 'opennlp.Rmd'
    
    --- re-building 'sentences.Rmd' using rmarkdown
    
    .....
    Quitting from lines 63-70 (sentences.Rmd)
    Error: processing vignette 'sentences.Rmd' failed with diagnostics:
    invalid UTF-8 byte sequence detected; try calling stri_enc_toutf8()
    --- failed re-building 'sentences.Rmd'
    
    --- re-building 'vignette.Rmd' using rmarkdown
    ... adding corpus positions to table 'metadata'
    Creating new corpus 'UNGA'
    ... encoding p-attribute 'word'
    ... writing tokenstream to disk (directly from R, equivalent to cwb-encode)
    ... creating indices (in memory)
    ... writing file: word.corpus
    ... writing file: word.lexicon
    ... writing file: word.lexicon.idx
    ... creating data for new registry file
    ... writing registry file
    Quitting from lines 142-168 (vignette.Rmd)
    Error: processing vignette 'vignette.Rmd' failed with diagnostics:
    invalid UTF-8 byte sequence detected; try calling stri_enc_toutf8()
    --- failed re-building 'vignette.Rmd'
    
    SUMMARY: processing the following files failed:
     'sentences.Rmd' 'vignette.Rmd'
    
    Error: Vignette re-building failed.
    Execution halted
Flavor: r-devel-windows-x86_64-gcc10-UCRT