CRAN Package Check Results for Package cvms

Last updated on 2021-07-30 19:50:04 CEST.

Flavor Version Tinstall Tcheck Ttotal Status Flags
r-devel-linux-x86_64-debian-clang 1.3.1 OK
r-devel-linux-x86_64-debian-gcc 1.3.1 15.32 354.82 370.14 OK
r-devel-linux-x86_64-fedora-clang 1.3.1 588.36 OK
r-devel-linux-x86_64-fedora-gcc 1.3.1 555.40 OK
r-devel-windows-x86_64 1.3.1 26.00 595.00 621.00 OK
r-devel-windows-x86_64-gcc10-UCRT 1.3.1 OK
r-patched-linux-x86_64 1.3.1 OK
r-patched-solaris-x86 1.3.1 718.00 NOTE
r-release-linux-x86_64 1.3.1 16.27 454.75 471.02 OK
r-release-macos-arm64 1.3.1 WARN
r-release-macos-x86_64 1.3.1 OK
r-release-windows-ix86+x86_64 1.3.1 33.00 606.00 639.00 OK
r-oldrel-macos-x86_64 1.3.1 OK
r-oldrel-windows-ix86+x86_64 1.3.1 23.00 584.00 607.00 OK

Check Details

Version: 1.3.1
Check: package dependencies
Result: NOTE
    Package suggested but not available for checking: ‘rsvg’
Flavor: r-patched-solaris-x86

Version: 1.3.1
Check: re-building of vignette outputs
Result: WARN
    Error(s) in re-building vignettes:
    --- re-building ‘Creating_a_confusion_matrix.Rmd’ using rmarkdown
    Warning in engine$weave(file, quiet = quiet, encoding = enc) :
     Pandoc (>= 1.12.3) not available. Falling back to R Markdown v1.
    Quitting from lines 109-113 (Creating_a_confusion_matrix.Rmd)
    Error: processing vignette 'Creating_a_confusion_matrix.Rmd' failed with diagnostics:
    polygon edge not found
    --- failed re-building ‘Creating_a_confusion_matrix.Rmd’
    
    --- re-building ‘available_metrics.Rmd’ using rmarkdown
    Warning in engine$weave(file, quiet = quiet, encoding = enc) :
     Pandoc (>= 1.12.3) not available. Falling back to R Markdown v1.
    --- finished re-building ‘available_metrics.Rmd’
    
    --- re-building ‘cross_validating_custom_functions.Rmd’ using rmarkdown
    Warning in engine$weave(file, quiet = quiet, encoding = enc) :
     Pandoc (>= 1.12.3) not available. Falling back to R Markdown v1.
    
    Attaching package: 'dplyr'
    
    The following objects are masked from 'package:stats':
    
     filter, lag
    
    The following objects are masked from 'package:base':
    
     intersect, setdiff, setequal, union
    
    Quitting from lines 763-774 (cross_validating_custom_functions.Rmd)
    Error: processing vignette 'cross_validating_custom_functions.Rmd' failed with diagnostics:
    polygon edge not found
    --- failed re-building ‘cross_validating_custom_functions.Rmd’
    
    --- re-building ‘evaluate_by_id.Rmd’ using rmarkdown
    Warning in engine$weave(file, quiet = quiet, encoding = enc) :
     Pandoc (>= 1.12.3) not available. Falling back to R Markdown v1.
    
    Attaching package: 'dplyr'
    
    The following objects are masked from 'package:stats':
    
     filter, lag
    
    The following objects are masked from 'package:base':
    
     intersect, setdiff, setequal, union
    
    Quitting from lines 110-115 (evaluate_by_id.Rmd)
    Error: processing vignette 'evaluate_by_id.Rmd' failed with diagnostics:
    polygon edge not found
    --- failed re-building ‘evaluate_by_id.Rmd’
    
    --- re-building ‘picking_the_number_of_folds_for_cross-validation.Rmd’ using rmarkdown
    Warning in engine$weave(file, quiet = quiet, encoding = enc) :
     Pandoc (>= 1.12.3) not available. Falling back to R Markdown v1.
    
    Attaching package: 'dplyr'
    
    The following objects are masked from 'package:stats':
    
     filter, lag
    
    The following objects are masked from 'package:base':
    
     intersect, setdiff, setequal, union
    
    `geom_smooth()` using formula 'y ~ x'
    Warning in grid.Call(C_stringMetric, as.graphicsAnnot(x$label)) :
     no font could be found for family "Arial"
    Warning in grid.Call(C_stringMetric, as.graphicsAnnot(x$label)) :
     no font could be found for family "Arial"
    Warning in grid.Call(C_stringMetric, as.graphicsAnnot(x$label)) :
     no font could be found for family "Arial"
    Warning in grid.Call(C_stringMetric, as.graphicsAnnot(x$label)) :
     no font could be found for family "Arial"
    Warning in grid.Call(C_stringMetric, as.graphicsAnnot(x$label)) :
     no font could be found for family "Arial"
    Warning in grid.Call(C_stringMetric, as.graphicsAnnot(x$label)) :
     no font could be found for family "Arial"
    Warning in grid.Call(C_stringMetric, as.graphicsAnnot(x$label)) :
     no font could be found for family "Arial"
    Warning in grid.Call(C_stringMetric, as.graphicsAnnot(x$label)) :
     no font could be found for family "Arial"
    Warning in grid.Call(C_stringMetric, as.graphicsAnnot(x$label)) :
     no font could be found for family "Arial"
    Warning in grid.Call(C_stringMetric, as.graphicsAnnot(x$label)) :
     no font could be found for family "Arial"
    Warning in grid.Call(C_stringMetric, as.graphicsAnnot(x$label)) :
     no font could be found for family "Arial"
    Warning in grid.Call(C_stringMetric, as.graphicsAnnot(x$label)) :
     no font could be found for family "Arial"
    Warning in grid.Call(C_stringMetric, as.graphicsAnnot(x$label)) :
     no font could be found for family "Arial"
    Warning in grid.Call(C_stringMetric, as.graphicsAnnot(x$label)) :
     no font could be found for family "Arial"
    Warning in grid.Call(C_textBounds, as.graphicsAnnot(x$label), x$x, x$y, :
     no font could be found for family "Arial"
    Quitting from lines 76-137 (picking_the_number_of_folds_for_cross-validation.Rmd)
    Error: processing vignette 'picking_the_number_of_folds_for_cross-validation.Rmd' failed with diagnostics:
    polygon edge not found
    --- failed re-building ‘picking_the_number_of_folds_for_cross-validation.Rmd’
    
    SUMMARY: processing the following files failed:
     ‘Creating_a_confusion_matrix.Rmd’
     ‘cross_validating_custom_functions.Rmd’ ‘evaluate_by_id.Rmd’
     ‘picking_the_number_of_folds_for_cross-validation.Rmd’
    
    Error: Vignette re-building failed.
    Execution halted
Flavor: r-release-macos-arm64