CRAN Package Check Results for Package cvms

Last updated on 2022-01-17 00:48:31 CET.

Flavor Version Tinstall Tcheck Ttotal Status Flags
r-devel-linux-x86_64-debian-clang 1.3.3 16.74 416.81 433.55 OK
r-devel-linux-x86_64-debian-gcc 1.3.3 14.58 311.54 326.12 OK
r-devel-linux-x86_64-fedora-clang 1.3.3 500.42 OK
r-devel-linux-x86_64-fedora-gcc 1.3.3 528.48 OK
r-devel-windows-x86_64-new-UL 1.3.3 176.00 472.00 648.00 OK
r-devel-windows-x86_64-new-TK 1.3.3 ERROR
r-patched-linux-x86_64 1.3.3 15.59 400.12 415.71 OK
r-release-linux-x86_64 1.3.3 OK
r-release-macos-arm64 1.3.3 OK
r-release-macos-x86_64 1.3.3 OK
r-release-windows-ix86+x86_64 1.3.3 34.00 514.00 548.00 OK
r-oldrel-macos-x86_64 1.3.3 OK
r-oldrel-windows-ix86+x86_64 1.3.3 32.00 517.00 549.00 OK

Check Details

Version: 1.3.3
Check: package dependencies
Result: ERROR
    Package required but not available: 'lme4'
    
    See section 'The DESCRIPTION file' in the 'Writing R Extensions'
    manual.
Flavor: r-devel-windows-x86_64-new-TK