CRAN Package Check Results for Package cvequality

Last updated on 2021-09-27 04:54:53 CEST.

Flavor Version Tinstall Tcheck Ttotal Status Flags
r-devel-linux-x86_64-debian-clang 0.2.0 2.00 51.33 53.33 NOTE
r-devel-linux-x86_64-debian-gcc 0.2.0 1.49 37.01 38.50 NOTE
r-devel-linux-x86_64-fedora-clang 0.2.0 69.45 NOTE
r-devel-linux-x86_64-fedora-gcc 0.2.0 60.73 NOTE
r-devel-windows-x86_64 0.2.0 3.00 54.00 57.00 NOTE
r-devel-windows-x86_64-gcc10-UCRT 0.2.0 NOTE
r-patched-linux-x86_64 0.2.0 1.86 47.91 49.77 NOTE
r-patched-solaris-x86 0.2.0 86.20 NOTE
r-release-linux-x86_64 0.2.0 2.12 47.64 49.76 NOTE
r-release-macos-arm64 0.2.0 NOTE
r-release-macos-x86_64 0.2.0 NOTE
r-release-windows-ix86+x86_64 0.2.0 6.00 52.00 58.00 NOTE
r-oldrel-macos-x86_64 0.2.0 OK
r-oldrel-windows-ix86+x86_64 0.2.0 28.00 50.00 78.00 OK

Check Details

Version: 0.2.0
Check: LazyData
Result: NOTE
     'LazyData' is specified without a 'data' directory
Flavors: r-devel-linux-x86_64-debian-clang, r-devel-linux-x86_64-debian-gcc, r-devel-linux-x86_64-fedora-clang, r-devel-linux-x86_64-fedora-gcc, r-devel-windows-x86_64, r-devel-windows-x86_64-gcc10-UCRT, r-patched-linux-x86_64, r-patched-solaris-x86, r-release-linux-x86_64, r-release-macos-arm64, r-release-macos-x86_64, r-release-windows-ix86+x86_64