CRAN Package Check Results for Package cubature

Last updated on 2024-07-12 06:53:03 CEST.

Flavor Version Tinstall Tcheck Ttotal Status Flags
r-devel-linux-x86_64-debian-clang 2.1.0 48.92 251.03 299.95 NOTE
r-devel-linux-x86_64-debian-gcc 2.1.0 32.79 155.47 188.26 NOTE
r-devel-linux-x86_64-fedora-clang 2.1.0 368.99 NOTE
r-devel-linux-x86_64-fedora-gcc 2.1.0 369.80 NOTE
r-devel-windows-x86_64 2.1.0 35.00 171.00 206.00 NOTE
r-patched-linux-x86_64 2.1.0 42.01 233.80 275.81 NOTE
r-release-linux-x86_64 2.1.0 43.50 232.92 276.42 NOTE
r-release-macos-arm64 2.1.0 82.00 ERROR
r-release-macos-x86_64 2.1.0 150.00 NOTE
r-release-windows-x86_64 2.1.0 39.00 169.00 208.00 NOTE
r-oldrel-macos-arm64 2.1.0 123.00 OK
r-oldrel-macos-x86_64 2.1.0 359.00 OK
r-oldrel-windows-x86_64 2.1.0 35.00 216.00 251.00 OK

Check Details

Version: 2.1.0
Check: Rd files
Result: NOTE checkRd: (-1) cubintegrate.Rd:67: Lost braces; missing escapes or markup? 67 | evaluated} - {returnCode}{the actual integer return code | ^ checkRd: (-1) cubintegrate.Rd:67-69: Lost braces 67 | evaluated} - {returnCode}{the actual integer return code | ^ Flavors: r-devel-linux-x86_64-debian-clang, r-devel-linux-x86_64-debian-gcc, r-devel-linux-x86_64-fedora-clang, r-devel-linux-x86_64-fedora-gcc, r-devel-windows-x86_64, r-patched-linux-x86_64, r-release-linux-x86_64, r-release-macos-arm64, r-release-macos-x86_64, r-release-windows-x86_64

Version: 2.1.0
Check: tests
Result: ERROR Running ‘testthat.R’ [0s/0s] Running the tests in ‘tests/testthat.R’ failed. Complete output: > library(testthat) Error: package or namespace load failed for 'testthat' in loadNamespace(j <- i[[1L]], c(lib.loc, .libPaths()), versionCheck = vI[[j]]): there is no package called 'brio' Execution halted Flavor: r-release-macos-arm64