CRAN Package Check Results for Package csampling

Last updated on 2022-08-11 09:53:15 CEST.

Flavor Version Tinstall Tcheck Ttotal Status Flags
r-devel-linux-x86_64-debian-clang 1.2-2.1 6.80 68.33 75.13 NOTE
r-devel-linux-x86_64-debian-gcc 1.2-2.1 6.29 52.27 58.56 NOTE
r-devel-linux-x86_64-fedora-clang 1.2-2.1 101.24 NOTE
r-devel-linux-x86_64-fedora-gcc 1.2-2.1 102.75 NOTE
r-devel-windows-x86_64 1.2-2.1 13.00 88.00 101.00 NOTE
r-patched-linux-x86_64 1.2-2.1 8.84 66.97 75.81 NOTE
r-release-linux-x86_64 1.2-2.1 NOTE
r-release-macos-arm64 1.2-2.1 29.00 NOTE
r-release-macos-x86_64 1.2-2.1 41.00 NOTE
r-release-windows-x86_64 1.2-2.1 18.00 97.00 115.00 NOTE
r-oldrel-macos-arm64 1.2-2.1 37.00 NOTE
r-oldrel-macos-x86_64 1.2-2.1 50.00 NOTE
r-oldrel-windows-ix86+x86_64 1.2-2.1 17.00 84.00 101.00 NOTE

Check Details

Version: 1.2-2.1
Check: LazyData
Result: NOTE
     'LazyData' is specified without a 'data' directory
Flavors: r-devel-linux-x86_64-debian-clang, r-devel-linux-x86_64-debian-gcc, r-devel-linux-x86_64-fedora-clang, r-devel-linux-x86_64-fedora-gcc, r-devel-windows-x86_64, r-patched-linux-x86_64, r-release-linux-x86_64, r-release-macos-arm64, r-release-macos-x86_64, r-release-windows-x86_64, r-oldrel-macos-arm64, r-oldrel-macos-x86_64, r-oldrel-windows-ix86+x86_64