CRAN Package Check Results for Package crsuggest

Last updated on 2021-12-09 11:51:27 CET.

Flavor Version Tinstall Tcheck Ttotal Status Flags
r-devel-linux-x86_64-debian-clang 0.3.1 36.01 253.16 289.17 OK
r-devel-linux-x86_64-debian-gcc 0.3.1 28.86 186.03 214.89 OK
r-devel-linux-x86_64-fedora-clang 0.3.1 351.17 NOTE
r-devel-linux-x86_64-fedora-gcc 0.3.1 337.18 OK
r-devel-windows-x86_64-new-UL 0.3.1 60.00 270.00 330.00 NOTE
r-devel-windows-x86_64-new-TK 0.3.1 OK
r-devel-windows-x86_64-old 0.3.1 58.00 278.00 336.00 NOTE
r-patched-linux-x86_64 0.3.1 31.20 244.27 275.47 OK
r-release-linux-x86_64 0.3.1 32.38 242.19 274.57 OK
r-release-macos-arm64 0.3.1 NOTE
r-release-macos-x86_64 0.3.1 NOTE
r-release-windows-ix86+x86_64 0.3.1 57.00 265.00 322.00 NOTE
r-oldrel-macos-x86_64 0.3.1 NOTE
r-oldrel-windows-ix86+x86_64 0.3.1 81.00 276.00 357.00 NOTE

Check Details

Version: 0.3.1
Check: installed package size
Result: NOTE
     installed size is 5.8Mb
     sub-directories of 1Mb or more:
     data 5.7Mb
Flavors: r-devel-linux-x86_64-fedora-clang, r-devel-windows-x86_64-new-UL, r-devel-windows-x86_64-old, r-release-macos-arm64, r-release-macos-x86_64, r-release-windows-ix86+x86_64, r-oldrel-macos-x86_64, r-oldrel-windows-ix86+x86_64