CRAN Package Check Results for Package cropDemand

Last updated on 2021-09-28 04:54:53 CEST.

Flavor Version Tinstall Tcheck Ttotal Status Flags
r-devel-linux-x86_64-debian-clang 1.0.1 11.30 101.45 112.75 NOTE
r-devel-linux-x86_64-debian-gcc 1.0.1 10.30 74.83 85.13 NOTE
r-devel-linux-x86_64-fedora-clang 1.0.1 142.49 NOTE
r-devel-linux-x86_64-fedora-gcc 1.0.1 128.93 NOTE
r-devel-windows-x86_64 1.0.1 14.00 89.00 103.00 NOTE
r-devel-windows-x86_64-gcc10-UCRT 1.0.1 NOTE
r-patched-linux-x86_64 1.0.1 12.79 93.81 106.60 NOTE
r-patched-solaris-x86 1.0.1 192.40 NOTE
r-release-linux-x86_64 1.0.1 9.21 94.00 103.21 NOTE
r-release-macos-arm64 1.0.1 NOTE
r-release-macos-x86_64 1.0.1 NOTE
r-release-windows-ix86+x86_64 1.0.1 29.00 82.00 111.00 NOTE
r-oldrel-macos-x86_64 1.0.1 OK
r-oldrel-windows-ix86+x86_64 1.0.1 19.00 82.00 101.00 OK

Check Details

Version: 1.0.1
Check: LazyData
Result: NOTE
     'LazyData' is specified without a 'data' directory
Flavors: r-devel-linux-x86_64-debian-clang, r-devel-linux-x86_64-debian-gcc, r-devel-linux-x86_64-fedora-clang, r-devel-linux-x86_64-fedora-gcc, r-devel-windows-x86_64, r-devel-windows-x86_64-gcc10-UCRT, r-patched-linux-x86_64, r-patched-solaris-x86, r-release-linux-x86_64, r-release-macos-arm64, r-release-macos-x86_64, r-release-windows-ix86+x86_64