CRAN Package Check Results for Package creditmodel

Last updated on 2021-09-21 04:55:00 CEST.

Flavor Version Tinstall Tcheck Ttotal Status Flags
r-devel-linux-x86_64-debian-clang 1.3.0 31.77 637.74 669.51 OK
r-devel-linux-x86_64-debian-gcc 1.3.0 24.62 382.15 406.77 OK
r-devel-linux-x86_64-fedora-clang 1.3.0 681.83 OK
r-devel-linux-x86_64-fedora-gcc 1.3.0 578.31 OK
r-devel-windows-x86_64 1.3.0 35.00 393.00 428.00 OK
r-devel-windows-x86_64-gcc10-UCRT 1.3.0 ERROR
r-patched-linux-x86_64 1.3.0 29.92 464.27 494.19 OK
r-patched-solaris-x86 1.3.0 714.80 OK
r-release-linux-x86_64 1.3.0 29.45 473.57 503.02 OK
r-release-macos-arm64 1.3.0 OK
r-release-macos-x86_64 1.3.0 OK
r-release-windows-ix86+x86_64 1.3.0 61.00 380.00 441.00 OK
r-oldrel-macos-x86_64 1.3.0 OK
r-oldrel-windows-ix86+x86_64 1.3.0 58.00 503.00 561.00 OK

Check Details

Version: 1.3.0
Check: package dependencies
Result: NOTE
    Packages suggested but not available for checking: 'pmml', 'XML'
Flavor: r-devel-windows-x86_64-gcc10-UCRT

Version: 1.3.0
Check: whether package can be installed
Result: WARN
    Found the following significant warnings:
     WARNING: installation-time patches will not be applied, could not get the patches index
Flavor: r-devel-windows-x86_64-gcc10-UCRT

Version: 1.3.0
Check: PDF version of manual
Result: WARN
    LaTeX errors when creating PDF version.
    This typically indicates Rd problems.
Flavor: r-devel-windows-x86_64-gcc10-UCRT

Version: 1.3.0
Check: PDF version of manual without hyperrefs or index
Result: ERROR
    Re-running with no redirection of stdout/stderr.
Flavor: r-devel-windows-x86_64-gcc10-UCRT