CRAN Package Check Results for Package crayon

Last updated on 2024-02-21 15:50:43 CET.

Flavor Version Tinstall Tcheck Ttotal Status Flags
r-devel-linux-x86_64-debian-clang 1.5.2 NOTE
r-devel-linux-x86_64-debian-gcc 1.5.2 2.50 28.99 31.49 NOTE
r-devel-linux-x86_64-fedora-clang 1.5.2 51.42 OK
r-devel-linux-x86_64-fedora-gcc 1.5.2 49.57 OK
r-devel-windows-x86_64 1.5.2 4.00 53.00 57.00 OK
r-patched-linux-x86_64 1.5.2 4.32 37.09 41.41 OK
r-release-linux-x86_64 1.5.2 3.13 36.86 39.99 OK
r-release-macos-arm64 1.5.2 19.00 OK
r-release-macos-x86_64 1.5.2 28.00 OK
r-release-windows-x86_64 1.5.2 7.00 56.00 63.00 OK
r-oldrel-macos-arm64 1.5.2 18.00 OK
r-oldrel-windows-x86_64 1.5.2 8.00 61.00 69.00 OK

Check Details

Version: 1.5.2
Check: Rd files
Result: NOTE checkRd: (-1) make_style.Rd:51: Lost braces 51 | The style (the code{...} argument) can be anything of the | ^ Flavors: r-devel-linux-x86_64-debian-clang, r-devel-linux-x86_64-debian-gcc