CRAN Package Check Results for Package crayon

Last updated on 2022-12-06 04:51:44 CET.

Flavor Version Tinstall Tcheck Ttotal Status Flags
r-devel-linux-x86_64-debian-clang 1.5.2 3.83 38.87 42.70 OK
r-devel-linux-x86_64-debian-gcc 1.5.2 2.73 29.94 32.67 OK
r-devel-linux-x86_64-fedora-clang 1.5.2 65.96 OK
r-devel-linux-x86_64-fedora-gcc 1.5.2 62.21 OK
r-devel-windows-x86_64 1.5.2 34.00 69.00 103.00 OK
r-patched-linux-x86_64 1.5.2 3.71 37.02 40.73 OK
r-release-linux-x86_64 1.5.2 3.25 36.21 39.46 OK
r-release-macos-arm64 1.5.2 29.00 OK
r-release-macos-x86_64 1.5.2 45.00 OK
r-release-windows-x86_64 1.5.2 35.00 66.00 101.00 OK
r-oldrel-macos-arm64 1.5.2 33.00 OK
r-oldrel-macos-x86_64 1.5.2 45.00 OK
r-oldrel-windows-ix86+x86_64 1.5.2 13.00 71.00 84.00 WARN

Check Details

Version: 1.5.2
Check: for unstated dependencies in ‘tests’
Result: WARN
    Warning: unable to access index for repository https://bioconductor.org/packages/3.14/bioc/src/contrib:
     cannot open URL 'https://bioconductor.org/packages/3.14/bioc/src/contrib/PACKAGES'
    Warning: unable to access index for repository https://bioconductor.org/packages/3.14/data/annotation/src/contrib:
     cannot open URL 'https://bioconductor.org/packages/3.14/data/annotation/src/contrib/PACKAGES'
    Warning: unable to access index for repository https://bioconductor.org/packages/3.14/data/experiment/src/contrib:
     cannot open URL 'https://bioconductor.org/packages/3.14/data/experiment/src/contrib/PACKAGES'
Flavor: r-oldrel-windows-ix86+x86_64