CRAN Package Check Results for Package cpss

Last updated on 2024-06-18 17:49:04 CEST.

Flavor Version Tinstall Tcheck Ttotal Status Flags
r-devel-linux-x86_64-debian-clang 0.0.3 83.30 75.58 158.88 NOTE
r-devel-linux-x86_64-debian-gcc 0.0.3 56.75 55.76 112.51 NOTE
r-devel-linux-x86_64-fedora-clang 0.0.3 216.65 NOTE
r-devel-linux-x86_64-fedora-gcc 0.0.3 234.01 NOTE
r-devel-windows-x86_64 0.0.3 63.00 102.00 165.00 NOTE
r-patched-linux-x86_64 0.0.3 69.14 72.48 141.62 NOTE
r-release-linux-x86_64 0.0.3 68.23 72.56 140.79 NOTE
r-release-macos-arm64 0.0.3 50.00 NOTE
r-release-macos-x86_64 0.0.3 63.00 NOTE
r-release-windows-x86_64 0.0.3 68.00 94.00 162.00 NOTE
r-oldrel-macos-arm64 0.0.3 57.00 NOTE
r-oldrel-macos-x86_64 0.0.3 84.00 NOTE
r-oldrel-windows-x86_64 0.0.3 86.00 115.00 201.00 NOTE

Check Details

Version: 0.0.3
Check: C++ specification
Result: NOTE Specified C++11: please drop specification unless essential Flavors: r-devel-linux-x86_64-debian-clang, r-devel-linux-x86_64-debian-gcc, r-devel-linux-x86_64-fedora-clang, r-devel-linux-x86_64-fedora-gcc, r-devel-windows-x86_64, r-patched-linux-x86_64, r-release-linux-x86_64, r-release-macos-arm64, r-release-macos-x86_64, r-release-windows-x86_64, r-oldrel-macos-arm64, r-oldrel-macos-x86_64, r-oldrel-windows-x86_64