CRAN Package Check Results for Package cpm

Last updated on 2021-12-03 11:51:45 CET.

Flavor Version Tinstall Tcheck Ttotal Status Flags
r-devel-linux-x86_64-debian-clang 2.3 26.42 29.62 56.04 OK
r-devel-linux-x86_64-debian-gcc 2.3 121.17 23.35 144.52 OK
r-devel-linux-x86_64-fedora-clang 2.3 103.23 NOTE
r-devel-linux-x86_64-fedora-gcc 2.3 276.95 NOTE
r-devel-windows-x86_64-new-UL 2.3 114.00 65.00 179.00 OK
r-devel-windows-x86_64-new-TK 2.3 OK
r-devel-windows-x86_64-old 2.3 94.00 39.00 133.00 OK
r-patched-linux-x86_64 2.3 133.28 28.52 161.80 OK
r-patched-solaris-x86 2.3 1094.30 OK
r-release-linux-x86_64 2.3 125.51 28.47 153.98 OK
r-release-macos-arm64 2.3 OK
r-release-macos-x86_64 2.3 OK
r-release-windows-ix86+x86_64 2.3 223.00 48.00 271.00 OK
r-oldrel-macos-x86_64 2.3 OK
r-oldrel-windows-ix86+x86_64 2.3 180.00 48.00 228.00 OK

Check Details

Version: 2.3
Check: compiled code
Result: NOTE
    File ‘cpm/libs/cpm.so’:
     Found no calls to: ‘R_registerRoutines’, ‘R_useDynamicSymbols’
    
    It is good practice to register native routines and to disable symbol
    search.
    
    See ‘Writing portable packages’ in the ‘Writing R Extensions’ manual.
Flavors: r-devel-linux-x86_64-fedora-clang, r-devel-linux-x86_64-fedora-gcc