Last updated on 2023-09-30 14:51:09 CEST.
Flavor | Version | Tinstall | Tcheck | Ttotal | Status | Flags |
---|---|---|---|---|---|---|
r-devel-linux-x86_64-debian-clang | 0.1.4 | 4.17 | 129.37 | 133.54 | NOTE | |
r-devel-linux-x86_64-debian-gcc | 0.1.4 | 3.40 | 91.41 | 94.81 | NOTE | |
r-devel-linux-x86_64-fedora-clang | 0.1.4 | 156.99 | NOTE | |||
r-devel-linux-x86_64-fedora-gcc | 0.1.4 | 173.23 | NOTE | |||
r-devel-windows-x86_64 | 0.1.4 | 6.00 | 107.00 | 113.00 | OK | |
r-patched-linux-x86_64 | 0.1.4 | 8.00 | 119.19 | 127.19 | NOTE | |
r-release-linux-x86_64 | 0.1.4 | 3.76 | 120.77 | 124.53 | NOTE | |
r-release-macos-arm64 | 0.1.4 | 52.00 | OK | |||
r-release-macos-x86_64 | 0.1.4 | 82.00 | OK | |||
r-release-windows-x86_64 | 0.1.4 | 6.00 | 127.00 | 133.00 | OK | |
r-oldrel-macos-arm64 | 0.1.4 | 40.00 | OK | |||
r-oldrel-macos-x86_64 | 0.1.4 | 60.00 | NOTE | |||
r-oldrel-windows-x86_64 | 0.1.4 | 7.00 | 132.00 | 139.00 | OK |
Version: 0.1.4
Check: package dependencies
Result: NOTE
Package suggested but not available for checking: ‘BEST’
Flavors: r-devel-linux-x86_64-debian-clang, r-devel-linux-x86_64-debian-gcc, r-devel-linux-x86_64-fedora-clang, r-devel-linux-x86_64-fedora-gcc, r-patched-linux-x86_64, r-release-linux-x86_64, r-oldrel-macos-x86_64