CRAN Package Check Results for Package cpi

Last updated on 2022-10-04 11:50:08 CEST.

Flavor Version Tinstall Tcheck Ttotal Status Flags
r-devel-linux-x86_64-debian-clang 0.1.4 3.75 128.09 131.84 OK
r-devel-linux-x86_64-debian-gcc 0.1.4 2.99 92.51 95.50 OK
r-devel-linux-x86_64-fedora-clang 0.1.4 174.44 OK
r-devel-linux-x86_64-fedora-gcc 0.1.4 173.99 OK
r-devel-windows-x86_64 0.1.4 11.00 147.00 158.00 OK
r-patched-linux-x86_64 0.1.4 8.75 119.18 127.93 OK
r-release-linux-x86_64 0.1.4 3.90 117.61 121.51 OK
r-release-macos-arm64 0.1.4 40.00 OK
r-release-macos-x86_64 0.1.4 60.00 NOTE
r-release-windows-x86_64 0.1.4 14.00 142.00 156.00 OK
r-oldrel-macos-arm64 0.1.4 38.00 OK
r-oldrel-macos-x86_64 0.1.4 56.00 OK
r-oldrel-windows-ix86+x86_64 0.1.4 11.00 159.00 170.00 OK

Check Details

Version: 0.1.4
Check: package dependencies
Result: NOTE
    Package suggested but not available for checking: ‘BEST’
Flavor: r-release-macos-x86_64