Last updated on 2022-05-18 02:52:57 CEST.
Flavor | Version | Tinstall | Tcheck | Ttotal | Status | Flags |
---|---|---|---|---|---|---|
r-devel-linux-x86_64-debian-clang | 1.1.1 | 7.87 | 130.60 | 138.47 | NOTE | |
r-devel-linux-x86_64-debian-gcc | 1.1.1 | 4.81 | 95.95 | 100.76 | NOTE | |
r-devel-linux-x86_64-fedora-clang | 1.1.1 | 159.83 | NOTE | |||
r-devel-linux-x86_64-fedora-gcc | 1.1.1 | 157.65 | NOTE | |||
r-devel-windows-x86_64 | 1.1.1 | 52.00 | 154.00 | 206.00 | NOTE | |
r-patched-linux-x86_64 | 1.1.1 | 10.60 | 121.10 | 131.70 | NOTE | |
r-release-linux-x86_64 | 1.1.1 | 6.31 | 120.84 | 127.15 | NOTE | |
r-release-macos-arm64 | 1.1.1 | 44.00 | NOTE | |||
r-release-macos-x86_64 | 1.1.1 | 65.00 | NOTE | |||
r-release-windows-x86_64 | 1.1.1 | 72.00 | 155.00 | 227.00 | NOTE | |
r-oldrel-macos-arm64 | 1.1.1 | 60.00 | NOTE | |||
r-oldrel-macos-x86_64 | 1.1.1 | 87.00 | NOTE | |||
r-oldrel-windows-ix86+x86_64 | 1.1.1 | 18.00 | 167.00 | 185.00 | NOTE |
Version: 1.1.1
Check: LazyData
Result: NOTE
'LazyData' is specified without a 'data' directory
Flavors: r-devel-linux-x86_64-debian-clang, r-devel-linux-x86_64-debian-gcc, r-devel-linux-x86_64-fedora-clang, r-devel-linux-x86_64-fedora-gcc, r-devel-windows-x86_64, r-patched-linux-x86_64, r-release-linux-x86_64, r-release-macos-arm64, r-release-macos-x86_64, r-release-windows-x86_64, r-oldrel-macos-arm64, r-oldrel-macos-x86_64, r-oldrel-windows-ix86+x86_64