Last updated on 2023-02-01 04:51:50 CET.
Flavor | Version | Tinstall | Tcheck | Ttotal | Status | Flags |
---|---|---|---|---|---|---|
r-devel-linux-x86_64-debian-clang | 1.0.0 | 3.39 | 218.94 | 222.33 | OK | |
r-devel-linux-x86_64-debian-gcc | 1.0.0 | 2.35 | 140.46 | 142.81 | OK | |
r-devel-linux-x86_64-fedora-clang | 1.0.0 | 271.20 | NOTE | |||
r-devel-linux-x86_64-fedora-gcc | 1.0.0 | 271.31 | NOTE | |||
r-devel-windows-x86_64 | 1.0.0 | 14.00 | 161.00 | 175.00 | OK | |
r-patched-linux-x86_64 | 1.0.0 | 3.04 | 219.87 | 222.91 | OK | |
r-release-linux-x86_64 | 1.0.0 | 3.20 | 214.84 | 218.04 | OK | |
r-release-macos-arm64 | 1.0.0 | 65.00 | NOTE | |||
r-release-macos-x86_64 | 1.0.0 | 87.00 | NOTE | |||
r-release-windows-x86_64 | 1.0.0 | 11.00 | 177.00 | 188.00 | OK | |
r-oldrel-macos-arm64 | 1.0.0 | 74.00 | NOTE | |||
r-oldrel-macos-x86_64 | 1.0.0 | 82.00 | NOTE | |||
r-oldrel-windows-ix86+x86_64 | 1.0.0 | 8.00 | 190.00 | 198.00 | OK |
Version: 1.0.0
Check: dependencies in R code
Result: NOTE
Namespaces in Imports field not imported from:
‘Rcpp’ ‘gsl’
All declared Imports should be used.
Flavors: r-devel-linux-x86_64-fedora-clang, r-devel-linux-x86_64-fedora-gcc, r-release-macos-arm64, r-release-macos-x86_64, r-oldrel-macos-arm64, r-oldrel-macos-x86_64