Last updated on 2023-12-07 02:51:10 CET.
Flavor | Version | Tinstall | Tcheck | Ttotal | Status | Flags |
---|---|---|---|---|---|---|
r-devel-linux-x86_64-debian-clang | 1.0.0 | 3.34 | 214.03 | 217.37 | OK | |
r-devel-linux-x86_64-debian-gcc | 1.0.0 | 2.33 | 138.65 | 140.98 | OK | |
r-devel-linux-x86_64-fedora-clang | 1.0.0 | 274.40 | NOTE | |||
r-devel-linux-x86_64-fedora-gcc | 1.0.0 | 259.58 | NOTE | |||
r-devel-windows-x86_64 | 1.0.0 | 4.00 | 133.00 | 137.00 | OK | |
r-patched-linux-x86_64 | 1.0.0 | 3.12 | 213.92 | 217.04 | OK | |
r-release-linux-x86_64 | 1.0.0 | 3.10 | 212.72 | 215.82 | OK | |
r-release-macos-arm64 | 1.0.0 | 72.00 | OK | |||
r-release-macos-x86_64 | 1.0.0 | 98.00 | OK | |||
r-release-windows-x86_64 | 1.0.0 | 5.00 | 136.00 | 141.00 | OK | |
r-oldrel-macos-arm64 | 1.0.0 | 65.00 | NOTE | |||
r-oldrel-macos-x86_64 | 1.0.0 | 87.00 | NOTE | |||
r-oldrel-windows-x86_64 | 1.0.0 | 4.00 | 142.00 | 146.00 | OK |
Version: 1.0.0
Check: dependencies in R code
Result: NOTE
Namespaces in Imports field not imported from:
‘Rcpp’ ‘gsl’
All declared Imports should be used.
Flavors: r-devel-linux-x86_64-fedora-clang, r-devel-linux-x86_64-fedora-gcc, r-oldrel-macos-arm64, r-oldrel-macos-x86_64