CRAN Package Check Results for Package covid19us

Last updated on 2021-11-30 11:51:53 CET.

Flavor Version Tinstall Tcheck Ttotal Status Flags
r-devel-linux-x86_64-debian-clang 0.1.7 4.14 218.88 223.02 NOTE
r-devel-linux-x86_64-debian-gcc 0.1.7 2.70 161.15 163.85 NOTE
r-devel-linux-x86_64-fedora-clang 0.1.7 274.64 NOTE
r-devel-linux-x86_64-fedora-gcc 0.1.7 266.91 NOTE
r-devel-windows-x86_64-new-UL 0.1.7 12.00 304.00 316.00 NOTE
r-devel-windows-x86_64-new-TK 0.1.7 NOTE
r-devel-windows-x86_64-old 0.1.7 8.00 230.00 238.00 NOTE
r-patched-linux-x86_64 0.1.7 3.73 207.87 211.60 NOTE
r-patched-solaris-x86 0.1.7 354.20 NOTE
r-release-linux-x86_64 0.1.7 4.17 211.91 216.08 NOTE
r-release-macos-arm64 0.1.7 NOTE
r-release-macos-x86_64 0.1.7 NOTE
r-release-windows-ix86+x86_64 0.1.7 12.00 231.00 243.00 NOTE
r-oldrel-macos-x86_64 0.1.7 OK
r-oldrel-windows-ix86+x86_64 0.1.7 9.00 235.00 244.00 OK

Check Details

Version: 0.1.7
Check: LazyData
Result: NOTE
     'LazyData' is specified without a 'data' directory
Flavors: r-devel-linux-x86_64-debian-clang, r-devel-linux-x86_64-debian-gcc, r-devel-linux-x86_64-fedora-clang, r-devel-linux-x86_64-fedora-gcc, r-devel-windows-x86_64-new-UL, r-devel-windows-x86_64-new-TK, r-devel-windows-x86_64-old, r-patched-linux-x86_64, r-patched-solaris-x86, r-release-linux-x86_64, r-release-macos-arm64, r-release-macos-x86_64, r-release-windows-ix86+x86_64