CRAN Package Check Results for Package covid19jp

Last updated on 2021-08-03 07:54:18 CEST.

Flavor Version Tinstall Tcheck Ttotal Status Flags
r-devel-linux-x86_64-debian-clang 0.1.0 2.15 32.88 35.03 OK
r-devel-linux-x86_64-debian-gcc 0.1.0 1.90 25.09 26.99 OK
r-devel-linux-x86_64-fedora-clang 0.1.0 50.59 NOTE
r-devel-linux-x86_64-fedora-gcc 0.1.0 39.31 NOTE
r-devel-windows-x86_64 0.1.0 15.00 49.00 64.00 OK
r-devel-windows-x86_64-gcc10-UCRT 0.1.0 NOTE
r-patched-linux-x86_64 0.1.0 2.39 30.75 33.14 OK
r-patched-solaris-x86 0.1.0 59.90 NOTE
r-release-linux-x86_64 0.1.0 2.25 30.92 33.17 OK
r-release-macos-arm64 0.1.0 NOTE
r-release-macos-x86_64 0.1.0 NOTE
r-release-windows-ix86+x86_64 0.1.0 6.00 48.00 54.00 OK
r-oldrel-macos-x86_64 0.1.0 NOTE
r-oldrel-windows-ix86+x86_64 0.1.0 17.00 50.00 67.00 OK

Additional issues

donttest

Check Details

Version: 0.1.0
Check: data for non-ASCII characters
Result: NOTE
     Note: found 15134 marked UTF-8 strings
Flavors: r-devel-linux-x86_64-fedora-clang, r-devel-linux-x86_64-fedora-gcc, r-devel-windows-x86_64-gcc10-UCRT, r-patched-solaris-x86, r-release-macos-arm64, r-release-macos-x86_64, r-oldrel-macos-x86_64