CRAN Package Check Results for Package covid19dbcand

Last updated on 2021-12-06 11:51:52 CET.

Flavor Version Tinstall Tcheck Ttotal Status Flags
r-devel-linux-x86_64-debian-clang 0.1.1 4.10 35.53 39.63 OK
r-devel-linux-x86_64-debian-gcc 0.1.1 2.75 28.50 31.25 OK
r-devel-linux-x86_64-fedora-clang 0.1.1 50.43 OK
r-devel-linux-x86_64-fedora-gcc 0.1.1 39.24 OK
r-devel-windows-x86_64-new-UL 0.1.1 18.00 75.00 93.00 OK
r-devel-windows-x86_64-new-TK 0.1.1 OK
r-devel-windows-x86_64-old 0.1.1 8.00 41.00 49.00 OK
r-patched-linux-x86_64 0.1.1 4.28 25.51 29.79 OK
r-release-linux-x86_64 0.1.1 3.52 33.71 37.23 OK
r-release-macos-arm64 0.1.1 OK
r-release-macos-x86_64 0.1.1 WARN
r-release-windows-ix86+x86_64 0.1.1 9.00 49.00 58.00 OK
r-oldrel-macos-x86_64 0.1.1 WARN
r-oldrel-windows-ix86+x86_64 0.1.1 8.00 47.00 55.00 OK

Check Details

Version: 0.1.1
Check: re-building of vignette outputs
Result: WARN
    Error(s) in re-building vignettes:
     ...
    --- re-building ‘covid19dbcand.Rmd’ using rmarkdown
    Warning in engine$weave(file, quiet = quiet, encoding = enc) :
     Pandoc (>= 1.12.3) not available. Falling back to R Markdown v1.
    Quitting from lines 70-71 (covid19dbcand.Rmd)
    Error: processing vignette 'covid19dbcand.Rmd' failed with diagnostics:
    invalid 'path' argument
    --- failed re-building ‘covid19dbcand.Rmd’
    
    SUMMARY: processing the following file failed:
     ‘covid19dbcand.Rmd’
    
    Error: Vignette re-building failed.
    Execution halted
Flavor: r-release-macos-x86_64

Version: 0.1.1
Check: re-building of vignette outputs
Result: WARN
    Error(s) in re-building vignettes:
     ...
    --- re-building ‘covid19dbcand.Rmd’ using rmarkdown
    Warning in engine$weave(file, quiet = quiet, encoding = enc) :
     Pandoc (>= 1.12.3) and/or pandoc-citeproc not available. Falling back to R Markdown v1.
    Quitting from lines 70-71 (covid19dbcand.Rmd)
    Error: processing vignette 'covid19dbcand.Rmd' failed with diagnostics:
    cannot open the connection
    --- failed re-building ‘covid19dbcand.Rmd’
    
    SUMMARY: processing the following file failed:
     ‘covid19dbcand.Rmd’
    
    Error: Vignette re-building failed.
    Execution halted
Flavor: r-oldrel-macos-x86_64