CRAN Package Check Results for Package covequal

Last updated on 2023-02-04 04:53:45 CET.

Flavor Version Tinstall Tcheck Ttotal Status Flags
r-devel-linux-x86_64-debian-clang 0.1.0 1.38 24.73 26.11 NOTE
r-devel-linux-x86_64-debian-gcc 0.1.0 1.60 19.55 21.15 NOTE
r-devel-linux-x86_64-fedora-clang 0.1.0 34.93 NOTE
r-devel-linux-x86_64-fedora-gcc 0.1.0 33.64 NOTE
r-devel-windows-x86_64 0.1.0 10.00 58.00 68.00 NOTE
r-patched-linux-x86_64 0.1.0 1.33 24.80 26.13 NOTE
r-release-linux-x86_64 0.1.0 2.11 25.18 27.29 NOTE
r-release-macos-arm64 0.1.0 16.00 NOTE
r-release-macos-x86_64 0.1.0 22.00 NOTE
r-release-windows-x86_64 0.1.0 12.00 63.00 75.00 NOTE
r-oldrel-macos-arm64 0.1.0 21.00 NOTE
r-oldrel-macos-x86_64 0.1.0 28.00 NOTE
r-oldrel-windows-ix86+x86_64 0.1.0 7.00 53.00 60.00 NOTE

Check Details

Version: 0.1.0
Check: LazyData
Result: NOTE
     'LazyData' is specified without a 'data' directory
Flavors: r-devel-linux-x86_64-debian-clang, r-devel-linux-x86_64-debian-gcc, r-devel-linux-x86_64-fedora-clang, r-devel-linux-x86_64-fedora-gcc, r-devel-windows-x86_64, r-patched-linux-x86_64, r-release-linux-x86_64, r-release-macos-arm64, r-release-macos-x86_64, r-release-windows-x86_64, r-oldrel-macos-arm64, r-oldrel-macos-x86_64, r-oldrel-windows-ix86+x86_64