CRAN Package Check Results for Package covTestR

Last updated on 2022-01-25 12:55:30 CET.

Flavor Version Tinstall Tcheck Ttotal Status Flags
r-devel-linux-x86_64-debian-clang 0.1.4 173.92 42.03 215.95 NOTE
r-devel-linux-x86_64-debian-gcc 0.1.4 128.11 34.89 163.00 NOTE
r-devel-linux-x86_64-fedora-clang 0.1.4 338.91 NOTE
r-devel-linux-x86_64-fedora-gcc 0.1.4 287.95 NOTE
r-devel-windows-x86_64-new-UL 0.1.4 172.00 85.00 257.00 NOTE
r-devel-windows-x86_64-new-TK 0.1.4 NOTE
r-patched-linux-x86_64 0.1.4 149.16 39.25 188.41 NOTE
r-release-linux-x86_64 0.1.4 137.38 39.43 176.81 NOTE
r-release-macos-arm64 0.1.4 NOTE
r-release-macos-x86_64 0.1.4 NOTE
r-release-windows-ix86+x86_64 0.1.4 454.00 75.00 529.00 NOTE
r-oldrel-macos-x86_64 0.1.4 OK
r-oldrel-windows-ix86+x86_64 0.1.4 454.00 75.00 529.00 OK

Check Details

Version: 0.1.4
Check: LazyData
Result: NOTE
     'LazyData' is specified without a 'data' directory
Flavors: r-devel-linux-x86_64-debian-clang, r-devel-linux-x86_64-debian-gcc, r-devel-linux-x86_64-fedora-clang, r-devel-linux-x86_64-fedora-gcc, r-devel-windows-x86_64-new-UL, r-devel-windows-x86_64-new-TK, r-patched-linux-x86_64, r-release-linux-x86_64, r-release-macos-arm64, r-release-macos-x86_64, r-release-windows-ix86+x86_64

Version: 0.1.4
Check: installed package size
Result: NOTE
     installed size is 5.2Mb
     sub-directories of 1Mb or more:
     libs 5.1Mb
Flavor: r-release-macos-arm64