CRAN Package Check Results for Package countfitteR

Last updated on 2021-09-20 04:58:04 CEST.

Flavor Version Tinstall Tcheck Ttotal Status Flags
r-devel-linux-x86_64-debian-clang 1.4 6.75 79.68 86.43 OK
r-devel-linux-x86_64-debian-gcc 1.4 4.86 59.16 64.02 OK
r-devel-linux-x86_64-fedora-clang 1.4 109.26 OK
r-devel-linux-x86_64-fedora-gcc 1.4 100.15 OK
r-devel-windows-x86_64 1.4 8.00 81.00 89.00 OK
r-devel-windows-x86_64-gcc10-UCRT 1.4 ERROR
r-patched-linux-x86_64 1.4 6.31 74.32 80.63 OK
r-patched-solaris-x86 1.4 131.80 OK
r-release-linux-x86_64 1.4 5.44 74.92 80.36 OK
r-release-macos-arm64 1.4 OK
r-release-macos-x86_64 1.4 OK
r-release-windows-ix86+x86_64 1.4 16.00 76.00 92.00 OK
r-oldrel-macos-x86_64 1.4 OK
r-oldrel-windows-ix86+x86_64 1.4 17.00 103.00 120.00 OK

Check Details

Version: 1.4
Check: whether package can be installed
Result: WARN
    Found the following significant warnings:
     WARNING: installation-time patches will not be applied, could not get the patches index
Flavor: r-devel-windows-x86_64-gcc10-UCRT

Version: 1.4
Check: PDF version of manual
Result: WARN
    LaTeX errors when creating PDF version.
    This typically indicates Rd problems.
Flavor: r-devel-windows-x86_64-gcc10-UCRT

Version: 1.4
Check: PDF version of manual without hyperrefs or index
Result: ERROR
    Re-running with no redirection of stdout/stderr.
Flavor: r-devel-windows-x86_64-gcc10-UCRT