CRAN Package Check Results for Package corrcoverage

Last updated on 2021-05-10 05:47:37 CEST.

Flavor Version Tinstall Tcheck Ttotal Status Flags
r-devel-linux-x86_64-debian-clang 1.2.1 26.20 82.47 108.67 NOTE
r-devel-linux-x86_64-debian-gcc 1.2.1 17.73 60.09 77.82 NOTE
r-devel-linux-x86_64-fedora-clang 1.2.1 148.45 NOTE
r-devel-linux-x86_64-fedora-gcc 1.2.1 125.47 NOTE
r-devel-windows-x86_64-gcc10-UCRT 1.2.1 NOTE
r-patched-linux-x86_64 1.2.1 22.14 74.41 96.55 NOTE
r-patched-solaris-x86 1.2.1 176.40 NOTE
r-release-linux-x86_64 1.2.1 21.26 73.84 95.10 OK
r-release-macos-x86_64 1.2.1 NOTE
r-release-windows-ix86+x86_64 1.1.0 41.00 136.00 177.00 NOTE
r-oldrel-macos-x86_64 1.2.1 NOTE
r-oldrel-windows-ix86+x86_64 1.1.0 53.00 136.00 189.00 NOTE

Check Details

Version: 1.2.1
Check: LazyData
Result: NOTE
     'LazyData' is specified without a 'data' directory
Flavors: r-devel-linux-x86_64-debian-clang, r-devel-linux-x86_64-debian-gcc, r-devel-linux-x86_64-fedora-clang, r-devel-linux-x86_64-fedora-gcc, r-devel-windows-x86_64-gcc10-UCRT, r-patched-linux-x86_64, r-patched-solaris-x86

Version: 1.2.1
Check: dependencies in R code
Result: NOTE
    Namespace in Imports field not imported from: ‘data.table’
     All declared Imports should be used.
Flavors: r-devel-linux-x86_64-fedora-clang, r-devel-linux-x86_64-fedora-gcc, r-devel-windows-x86_64-gcc10-UCRT, r-patched-solaris-x86, r-release-macos-x86_64, r-oldrel-macos-x86_64

Version: 1.2.1
Check: installed package size
Result: NOTE
     installed size is 5.0Mb
     sub-directories of 1Mb or more:
     extdata 3.8Mb
Flavor: r-release-macos-x86_64

Version: 1.1.0
Check: installed package size
Result: NOTE
     installed size is 5.6Mb
     sub-directories of 1Mb or more:
     extdata 3.2Mb
     libs 2.0Mb
Flavors: r-release-windows-ix86+x86_64, r-oldrel-windows-ix86+x86_64