CRAN Package Check Results for Package convey

Last updated on 2021-09-20 04:58:03 CEST.

Flavor Version Tinstall Tcheck Ttotal Status Flags
r-devel-linux-x86_64-debian-clang 0.2.4 13.92 196.50 210.42 OK
r-devel-linux-x86_64-debian-gcc 0.2.4 12.11 146.67 158.78 OK
r-devel-linux-x86_64-fedora-clang 0.2.4 255.80 OK
r-devel-linux-x86_64-fedora-gcc 0.2.4 239.39 OK
r-devel-windows-x86_64 0.2.4 15.00 190.00 205.00 OK
r-devel-windows-x86_64-gcc10-UCRT 0.2.4 ERROR
r-patched-linux-x86_64 0.2.4 18.72 185.78 204.50 OK
r-patched-solaris-x86 0.2.4 341.10 OK
r-release-linux-x86_64 0.2.4 13.02 189.10 202.12 OK
r-release-macos-arm64 0.2.4 NOTE
r-release-macos-x86_64 0.2.4 OK
r-release-windows-ix86+x86_64 0.2.4 26.00 179.00 205.00 OK
r-oldrel-macos-x86_64 0.2.4 OK
r-oldrel-windows-ix86+x86_64 0.2.4 27.00 231.00 258.00 OK

Check Details

Version: 0.2.4
Check: whether package can be installed
Result: WARN
    Found the following significant warnings:
     WARNING: installation-time patches will not be applied, could not get the patches index
Flavor: r-devel-windows-x86_64-gcc10-UCRT

Version: 0.2.4
Check: PDF version of manual
Result: WARN
    LaTeX errors when creating PDF version.
    This typically indicates Rd problems.
Flavor: r-devel-windows-x86_64-gcc10-UCRT

Version: 0.2.4
Check: PDF version of manual without hyperrefs or index
Result: ERROR
    Re-running with no redirection of stdout/stderr.
Flavor: r-devel-windows-x86_64-gcc10-UCRT

Version: 0.2.4
Check: package dependencies
Result: NOTE
    Package suggested but not available for checking: ‘RODBC’
Flavor: r-release-macos-arm64