CRAN Package Check Results for Package convergEU

Last updated on 2021-07-30 07:50:05 CEST.

Flavor Version Tinstall Tcheck Ttotal Status Flags
r-devel-linux-x86_64-debian-clang 0.5.1 OK
r-devel-linux-x86_64-debian-gcc 0.5.1 5.18 98.83 104.01 OK
r-devel-linux-x86_64-fedora-clang 0.5.1 171.32 NOTE
r-devel-linux-x86_64-fedora-gcc 0.5.1 163.92 NOTE
r-devel-windows-x86_64 0.5.1 33.00 169.00 202.00 OK
r-devel-windows-x86_64-gcc10-UCRT 0.5.1 NOTE
r-patched-linux-x86_64 0.5.1 OK
r-patched-solaris-x86 0.5.1 207.80 NOTE
r-release-linux-x86_64 0.5.1 6.72 128.59 135.31 OK
r-release-macos-arm64 0.5.1 WARN
r-release-macos-x86_64 0.5.1 NOTE
r-release-windows-ix86+x86_64 0.5.1 13.00 164.00 177.00 OK
r-oldrel-macos-x86_64 0.5.1 NOTE
r-oldrel-windows-ix86+x86_64 0.5.1 12.00 176.00 188.00 OK

Check Details

Version: 0.5.1
Check: data for non-ASCII characters
Result: NOTE
     Note: found 1 marked UTF-8 string
Flavors: r-devel-linux-x86_64-fedora-clang, r-devel-linux-x86_64-fedora-gcc, r-devel-windows-x86_64-gcc10-UCRT, r-patched-solaris-x86, r-release-macos-arm64, r-release-macos-x86_64, r-oldrel-macos-x86_64

Version: 0.5.1
Check: re-building of vignette outputs
Result: WARN
    Error(s) in re-building vignettes:
    --- re-building ‘PATTERNS-CONV.Rmd’ using rmarkdown
    Warning in engine$weave(file, quiet = quiet, encoding = enc) :
     Pandoc (>= 1.12.3) not available. Falling back to R Markdown v1.
    Warning in grid.Call(C_stringMetric, as.graphicsAnnot(x$label)) :
     no font could be found for family "Arial"
    Warning in grid.Call(C_stringMetric, as.graphicsAnnot(x$label)) :
     no font could be found for family "Arial"
    Warning in grid.Call(C_stringMetric, as.graphicsAnnot(x$label)) :
     no font could be found for family "Arial"
    Warning in grid.Call(C_stringMetric, as.graphicsAnnot(x$label)) :
     no font could be found for family "Arial"
    Warning in grid.Call(C_stringMetric, as.graphicsAnnot(x$label)) :
     no font could be found for family "Arial"
    Warning in grid.Call(C_stringMetric, as.graphicsAnnot(x$label)) :
     no font could be found for family "Arial"
    Warning in grid.Call(C_stringMetric, as.graphicsAnnot(x$label)) :
     no font could be found for family "Arial"
    Warning in grid.Call(C_stringMetric, as.graphicsAnnot(x$label)) :
     no font could be found for family "Arial"
    Warning in grid.Call(C_stringMetric, as.graphicsAnnot(x$label)) :
     no font could be found for family "Arial"
    Warning in grid.Call(C_stringMetric, as.graphicsAnnot(x$label)) :
     no font could be found for family "Arial"
    Warning in grid.Call(C_stringMetric, as.graphicsAnnot(x$label)) :
     no font could be found for family "Arial"
    Warning in grid.Call(C_stringMetric, as.graphicsAnnot(x$label)) :
     no font could be found for family "Arial"
    Warning in grid.Call(C_stringMetric, as.graphicsAnnot(x$label)) :
     no font could be found for family "Arial"
    Warning in grid.Call(C_stringMetric, as.graphicsAnnot(x$label)) :
     no font could be found for family "Arial"
    Warning in grid.Call(C_textBounds, as.graphicsAnnot(x$label), x$x, x$y, :
     no font could be found for family "Arial"
    Quitting from lines 98-100 (PATTERNS-CONV.Rmd)
    Error: processing vignette 'PATTERNS-CONV.Rmd' failed with diagnostics:
    polygon edge not found
    --- failed re-building ‘PATTERNS-CONV.Rmd’
    
    --- re-building ‘measuring-convergence.Rmd’ using rmarkdown
    Warning in engine$weave(file, quiet = quiet, encoding = enc) :
     Pandoc (>= 1.12.3) not available. Falling back to R Markdown v1.
    Quitting from lines 484-498 (measuring-convergence.Rmd)
    Error: processing vignette 'measuring-convergence.Rmd' failed with diagnostics:
    polygon edge not found
    --- failed re-building ‘measuring-convergence.Rmd’
    
    SUMMARY: processing the following files failed:
     ‘PATTERNS-CONV.Rmd’ ‘measuring-convergence.Rmd’
    
    Error: Vignette re-building failed.
    Execution halted
Flavor: r-release-macos-arm64