Last updated on 2023-02-04 04:53:45 CET.
Flavor | Version | Tinstall | Tcheck | Ttotal | Status | Flags |
---|---|---|---|---|---|---|
r-devel-linux-x86_64-debian-clang | 1.1.0 | 3.16 | 260.56 | 263.72 | OK | |
r-devel-linux-x86_64-debian-gcc | 1.1.0 | 2.97 | 184.81 | 187.78 | OK | |
r-devel-linux-x86_64-fedora-clang | 1.1.0 | 299.59 | NOTE | |||
r-devel-linux-x86_64-fedora-gcc | 1.1.0 | 308.41 | OK | |||
r-devel-windows-x86_64 | 1.1.0 | 36.00 | 116.00 | 152.00 | OK | |
r-patched-linux-x86_64 | 1.1.0 | 3.95 | 233.24 | 237.19 | OK | |
r-release-linux-x86_64 | 1.1.0 | 3.05 | 234.30 | 237.35 | OK | |
r-release-macos-arm64 | 1.1.0 | 91.00 | OK | |||
r-release-macos-x86_64 | 1.1.0 | 147.00 | OK | |||
r-release-windows-x86_64 | 1.1.0 | 31.00 | 117.00 | 148.00 | OK | |
r-oldrel-macos-arm64 | 1.1.0 | 86.00 | OK | |||
r-oldrel-macos-x86_64 | 1.1.0 | 152.00 | OK | |||
r-oldrel-windows-ix86+x86_64 | 1.1.0 | 8.00 | 105.00 | 113.00 | OK |
Version: 1.1.0
Check: Rd cross-references
Result: NOTE
Undeclared package ‘ggplot2’ in Rd xrefs
Flavor: r-devel-linux-x86_64-fedora-clang