CRAN Package Check Results for Package conquer

Last updated on 2022-01-25 12:55:29 CET.

Flavor Version Tinstall Tcheck Ttotal Status Flags
r-devel-linux-x86_64-debian-clang 1.2.1 72.83 134.64 207.47 OK
r-devel-linux-x86_64-debian-gcc 1.2.1 57.92 112.84 170.76 OK
r-devel-linux-x86_64-fedora-clang 1.2.1 270.81 NOTE
r-devel-linux-x86_64-fedora-gcc 1.2.1 243.69 OK
r-devel-windows-x86_64-new-UL 1.2.1 73.00 172.00 245.00 OK
r-devel-windows-x86_64-new-TK 1.2.1 OK
r-patched-linux-x86_64 1.2.1 56.64 119.34 175.98 OK
r-release-linux-x86_64 1.2.1 51.25 121.18 172.43 OK
r-release-macos-arm64 1.2.1 NOTE
r-release-macos-x86_64 1.2.1 NOTE
r-release-windows-ix86+x86_64 1.2.1 151.00 203.00 354.00 OK
r-oldrel-macos-x86_64 1.2.1 NOTE
r-oldrel-windows-ix86+x86_64 1.2.1 154.00 208.00 362.00 OK

Check Details

Version: 1.2.1
Check: installed package size
Result: NOTE
     installed size is 6.3Mb
     sub-directories of 1Mb or more:
     libs 6.2Mb
Flavors: r-devel-linux-x86_64-fedora-clang, r-release-macos-arm64, r-release-macos-x86_64, r-oldrel-macos-x86_64