CRAN Package Check Results for Package conos

Last updated on 2021-10-18 04:54:15 CEST.

Flavor Version Tinstall Tcheck Ttotal Status Flags
r-devel-linux-x86_64-debian-clang 1.4.3 200.08 268.44 468.52 NOTE
r-devel-linux-x86_64-debian-gcc 1.4.3 150.88 175.57 326.45 NOTE
r-devel-windows-x86_64 1.4.3 271.00 280.00 551.00 NOTE
r-devel-windows-x86_64-gcc10-UCRT 1.4.3 NOTE
r-patched-linux-x86_64 1.4.3 178.98 220.28 399.26 NOTE
r-release-linux-x86_64 1.4.3 175.06 221.38 396.44 NOTE
r-release-macos-arm64 1.4.3 ERROR
r-release-macos-x86_64 1.4.3 NOTE
r-release-windows-ix86+x86_64 1.4.3 512.00 390.00 902.00 NOTE
r-oldrel-macos-x86_64 1.4.3 NOTE
r-oldrel-windows-ix86+x86_64 1.4.3 509.00 382.00 891.00 NOTE

Check Details

Version: 1.4.3
Check: package dependencies
Result: NOTE
    Packages suggested but not available for checking: 'conosPanel', 'p2data'
Flavors: r-devel-linux-x86_64-debian-clang, r-devel-linux-x86_64-debian-gcc, r-patched-linux-x86_64, r-release-linux-x86_64, r-release-windows-ix86+x86_64, r-oldrel-macos-x86_64, r-oldrel-windows-ix86+x86_64

Version: 1.4.3
Check: package dependencies
Result: NOTE
    Package suggested but not available for checking: 'conosPanel'
Flavor: r-devel-windows-x86_64

Version: 1.4.3
Check: package dependencies
Result: NOTE
    Packages suggested but not available for checking:
     'conosPanel', 'DESeq2', 'p2data'
Flavor: r-devel-windows-x86_64-gcc10-UCRT

Version: 1.4.3
Check: package dependencies
Result: ERROR
    Package required but not available: ‘N2R’
    
    Packages suggested but not available for checking:
     'conosPanel', 'p2data', 'pagoda2'
    
    See section ‘The DESCRIPTION file’ in the ‘Writing R Extensions’
    manual.
Flavor: r-release-macos-arm64

Version: 1.4.3
Check: package dependencies
Result: NOTE
    Packages suggested but not available for checking:
     'conosPanel', 'GO.db', 'org.Hs.eg.db', 'org.Mm.eg.db', 'p2data'
Flavor: r-release-macos-x86_64

Version: 1.4.3
Check: installed package size
Result: NOTE
     installed size is 11.3Mb
     sub-directories of 1Mb or more:
     libs 9.6Mb
Flavors: r-release-macos-x86_64, r-oldrel-macos-x86_64