CRAN Package Check Results for Package conmet

Last updated on 2024-07-21 18:54:08 CEST.

Flavor Version Tinstall Tcheck Ttotal Status Flags
r-devel-linux-x86_64-debian-clang 0.1.0 3.82 38.61 42.43 OK
r-devel-linux-x86_64-debian-gcc 0.1.0 3.43 28.82 32.25 OK
r-devel-linux-x86_64-fedora-clang 0.1.0 52.76 NOTE
r-devel-linux-x86_64-fedora-gcc 0.1.0 50.69 NOTE
r-devel-windows-x86_64 0.1.0 7.00 54.00 61.00 OK
r-patched-linux-x86_64 0.1.0 3.94 36.21 40.15 OK
r-release-linux-x86_64 0.1.0 2.47 37.05 39.52 OK
r-release-macos-arm64 0.1.0 22.00 OK
r-release-macos-x86_64 0.1.0 30.00 OK
r-release-windows-x86_64 0.1.0 6.00 55.00 61.00 OK
r-oldrel-macos-arm64 0.1.0 22.00 OK
r-oldrel-macos-x86_64 0.1.0 28.00 OK
r-oldrel-windows-x86_64 0.1.0 7.00 58.00 65.00 OK

Check Details

Version: 0.1.0
Check: dependencies in R code
Result: NOTE Namespaces in Imports field not imported from: ‘DT’ ‘Hmisc’ ‘dplyr’ ‘foreign’ ‘lavaan’ ‘openxlsx’ ‘purrr’ ‘semTools’ ‘shinyWidgets’ ‘stringr’ ‘summarytools’ ‘waiter’ All declared Imports should be used. Flavors: r-devel-linux-x86_64-fedora-clang, r-devel-linux-x86_64-fedora-gcc