CRAN Package Check Results for Package conleyreg

Last updated on 2022-07-03 17:52:02 CEST.

Flavor Version Tinstall Tcheck Ttotal Status Flags
r-devel-linux-x86_64-debian-clang 0.1.7 223.60 91.30 314.90 OK
r-devel-linux-x86_64-debian-gcc 0.1.7 191.01 67.06 258.07 OK
r-devel-linux-x86_64-fedora-clang 0.1.7 502.84 NOTE
r-devel-linux-x86_64-fedora-gcc 0.1.7 432.00 NOTE
r-devel-windows-x86_64 0.1.7 167.00 132.00 299.00 OK
r-patched-linux-x86_64 0.1.7 196.14 84.64 280.78 OK
r-release-linux-x86_64 0.1.7 197.06 85.03 282.09 OK
r-release-macos-arm64 0.1.7 101.00 NOTE
r-release-macos-x86_64 0.1.7 173.00 NOTE
r-release-windows-x86_64 0.1.7 169.00 140.00 309.00 OK
r-oldrel-macos-arm64 0.1.7 87.00 NOTE
r-oldrel-macos-x86_64 0.1.7 122.00 NOTE
r-oldrel-windows-ix86+x86_64 0.1.7 560.00 146.00 706.00 OK

Check Details

Version: 0.1.7
Check: installed package size
Result: NOTE
     installed size is 8.9Mb
     sub-directories of 1Mb or more:
     libs 8.5Mb
Flavors: r-devel-linux-x86_64-fedora-clang, r-release-macos-arm64, r-release-macos-x86_64, r-oldrel-macos-arm64, r-oldrel-macos-x86_64

Version: 0.1.7
Check: dependencies in R code
Result: NOTE
    Namespaces in Imports field not imported from:
     ‘base’ ‘lwgeom’ ‘s2’
     All declared Imports should be used.
Flavors: r-devel-linux-x86_64-fedora-clang, r-devel-linux-x86_64-fedora-gcc, r-release-macos-arm64, r-release-macos-x86_64, r-oldrel-macos-arm64, r-oldrel-macos-x86_64