CRAN Package Check Results for Package conjoint

Last updated on 2022-07-04 05:50:03 CEST.

Flavor Version Tinstall Tcheck Ttotal Status Flags
r-devel-linux-x86_64-debian-clang 1.41 12.41 145.21 157.62 NOTE
r-devel-linux-x86_64-debian-gcc 1.41 10.47 105.36 115.83 NOTE
r-devel-linux-x86_64-fedora-clang 1.41 189.06 NOTE
r-devel-linux-x86_64-fedora-gcc 1.41 191.51 NOTE
r-devel-windows-x86_64 1.41 17.00 170.00 187.00 OK
r-patched-linux-x86_64 1.41 10.05 134.72 144.77 NOTE
r-release-linux-x86_64 1.41 8.20 135.46 143.66 NOTE
r-release-macos-arm64 1.41 48.00 OK
r-release-macos-x86_64 1.41 109.00 OK
r-release-windows-x86_64 1.41 30.00 171.00 201.00 OK
r-oldrel-macos-arm64 1.41 58.00 OK
r-oldrel-macos-x86_64 1.41 80.00 OK
r-oldrel-windows-ix86+x86_64 1.41 30.00 171.00 201.00 OK

Check Details

Version: 1.41
Check: for non-standard things in the check directory
Result: NOTE
    Found the following files/directories:
     'design_names.csv' 'design_numbers.csv'
     'encoded_orthogonal_factorial_design.csv'
     'orthogonal_factorial_design.csv'
Flavors: r-devel-linux-x86_64-debian-clang, r-devel-linux-x86_64-debian-gcc, r-devel-linux-x86_64-fedora-clang, r-devel-linux-x86_64-fedora-gcc, r-patched-linux-x86_64, r-release-linux-x86_64