CRAN Package Check Results for Package configr

Last updated on 2021-08-03 07:54:17 CEST.

Flavor Version Tinstall Tcheck Ttotal Status Flags
r-devel-linux-x86_64-debian-clang 0.3.5 4.41 46.90 51.31 NOTE
r-devel-linux-x86_64-debian-gcc 0.3.5 3.29 36.18 39.47 NOTE
r-devel-linux-x86_64-fedora-clang 0.3.5 68.77 NOTE
r-devel-linux-x86_64-fedora-gcc 0.3.5 58.20 NOTE
r-devel-windows-x86_64 0.3.5 6.00 77.00 83.00 NOTE
r-devel-windows-x86_64-gcc10-UCRT 0.3.5 NOTE
r-patched-linux-x86_64 0.3.5 4.10 45.22 49.32 NOTE
r-patched-solaris-x86 0.3.5 86.00 NOTE
r-release-linux-x86_64 0.3.5 4.04 44.85 48.89 NOTE
r-release-macos-arm64 0.3.5 NOTE
r-release-macos-x86_64 0.3.5 NOTE
r-release-windows-ix86+x86_64 0.3.5 9.00 75.00 84.00 NOTE
r-oldrel-macos-x86_64 0.3.5 OK
r-oldrel-windows-ix86+x86_64 0.3.5 8.00 74.00 82.00 OK

Check Details

Version: 0.3.5
Check: LazyData
Result: NOTE
     'LazyData' is specified without a 'data' directory
Flavors: r-devel-linux-x86_64-debian-clang, r-devel-linux-x86_64-debian-gcc, r-devel-linux-x86_64-fedora-clang, r-devel-linux-x86_64-fedora-gcc, r-devel-windows-x86_64, r-devel-windows-x86_64-gcc10-UCRT, r-patched-linux-x86_64, r-patched-solaris-x86, r-release-linux-x86_64, r-release-macos-arm64, r-release-macos-x86_64, r-release-windows-ix86+x86_64