CRAN Package Check Results for Package conf

Last updated on 2021-06-13 21:48:09 CEST.

Flavor Version Tinstall Tcheck Ttotal Status Flags
r-devel-linux-x86_64-debian-clang 1.7.0 16.78 141.10 157.88 NOTE
r-devel-linux-x86_64-debian-gcc 1.7.0 13.57 105.60 119.17 NOTE
r-devel-linux-x86_64-fedora-clang 1.7.0 198.03 NOTE
r-devel-linux-x86_64-fedora-gcc 1.7.0 187.26 NOTE
r-devel-windows-x86_64 1.7.0 22.00 178.00 200.00 NOTE
r-devel-windows-x86_64-gcc10-UCRT 1.7.0 NOTE
r-patched-linux-x86_64 1.7.0 14.31 138.29 152.60 NOTE
r-patched-solaris-x86 1.7.0 258.40 NOTE
r-release-linux-x86_64 1.7.0 14.88 138.02 152.90 NOTE
r-release-macos-arm64 1.7.0 NOTE
r-release-macos-x86_64 1.7.0 NOTE
r-release-windows-ix86+x86_64 1.7.0 20.00 179.00 199.00 NOTE
r-oldrel-macos-x86_64 1.7.0 OK
r-oldrel-windows-ix86+x86_64 1.7.0 32.00 179.00 211.00 OK

Check Details

Version: 1.7.0
Check: LazyData
Result: NOTE
     'LazyData' is specified without a 'data' directory
Flavors: r-devel-linux-x86_64-debian-clang, r-devel-linux-x86_64-debian-gcc, r-devel-linux-x86_64-fedora-clang, r-devel-linux-x86_64-fedora-gcc, r-devel-windows-x86_64, r-devel-windows-x86_64-gcc10-UCRT, r-patched-linux-x86_64, r-patched-solaris-x86, r-release-linux-x86_64, r-release-macos-arm64, r-release-macos-x86_64, r-release-windows-ix86+x86_64