CRAN Package Check Results for Package concordance

Last updated on 2021-07-25 07:49:56 CEST.

Flavor Version Tinstall Tcheck Ttotal Status Flags
r-devel-linux-x86_64-debian-clang 2.0.0 11.32 66.48 77.80 OK
r-devel-linux-x86_64-debian-gcc 2.0.0 9.48 49.73 59.21 OK
r-devel-linux-x86_64-fedora-clang 2.0.0 103.77 NOTE
r-devel-linux-x86_64-fedora-gcc 2.0.0 91.09 NOTE
r-devel-windows-x86_64 2.0.0 13.00 60.00 73.00 OK
r-devel-windows-x86_64-gcc10-UCRT 2.0.0 NOTE
r-patched-linux-x86_64 2.0.0 8.56 61.93 70.49 OK
r-patched-solaris-x86 2.0.0 130.40 NOTE
r-release-linux-x86_64 2.0.0 10.12 62.14 72.26 OK
r-release-macos-arm64 2.0.0 NOTE
r-release-macos-x86_64 2.0.0 NOTE
r-release-windows-ix86+x86_64 2.0.0 24.00 61.00 85.00 OK
r-oldrel-macos-x86_64 2.0.0 NOTE
r-oldrel-windows-ix86+x86_64 2.0.0 23.00 87.00 110.00 OK

Check Details

Version: 2.0.0
Check: data for non-ASCII characters
Result: NOTE
     Note: found 92 marked UTF-8 strings
Flavors: r-devel-linux-x86_64-fedora-clang, r-devel-linux-x86_64-fedora-gcc, r-devel-windows-x86_64-gcc10-UCRT, r-patched-solaris-x86, r-release-macos-arm64, r-release-macos-x86_64, r-oldrel-macos-x86_64