Last updated on 2022-07-05 05:52:49 CEST.
Flavor | Version | Tinstall | Tcheck | Ttotal | Status | Flags |
---|---|---|---|---|---|---|
r-devel-linux-x86_64-debian-clang | 1.0.4 | 433.03 | 140.89 | 573.92 | NOTE | |
r-devel-linux-x86_64-debian-gcc | 1.0.4 | 423.80 | 123.49 | 547.29 | NOTE | |
r-devel-linux-x86_64-fedora-clang | 1.0.4 | 838.95 | WARN | |||
r-devel-linux-x86_64-fedora-gcc | 1.0.4 | 888.73 | WARN | |||
r-devel-windows-x86_64 | 1.0.4 | 310.00 | 227.00 | 537.00 | NOTE | |
r-patched-linux-x86_64 | 1.0.4 | 319.40 | 156.52 | 475.92 | NOTE | |
r-release-linux-x86_64 | 1.0.4 | 330.02 | 155.27 | 485.29 | NOTE | |
r-release-macos-arm64 | 1.0.4 | 223.00 | NOTE | |||
r-release-macos-x86_64 | 1.0.4 | 429.00 | NOTE | |||
r-release-windows-x86_64 | 1.0.4 | 311.00 | 225.00 | 536.00 | NOTE | |
r-oldrel-macos-arm64 | 1.0.4 | 239.00 | NOTE | |||
r-oldrel-macos-x86_64 | 1.0.4 | 424.00 | NOTE | |||
r-oldrel-windows-ix86+x86_64 | 1.0.4 | 200.00 | 9.00 | 209.00 | ERROR |
Version: 1.0.4
Check: for GNU extensions in Makefiles
Result: NOTE
GNU make is a SystemRequirements.
Flavors: r-devel-linux-x86_64-debian-clang, r-devel-linux-x86_64-debian-gcc, r-devel-linux-x86_64-fedora-clang, r-devel-linux-x86_64-fedora-gcc, r-devel-windows-x86_64, r-patched-linux-x86_64, r-release-linux-x86_64, r-release-macos-arm64, r-release-macos-x86_64, r-release-windows-x86_64, r-oldrel-macos-arm64, r-oldrel-macos-x86_64
Version: 1.0.4
Check: package dependencies
Result: WARN
Requires orphaned package: ‘gtools’
Flavors: r-devel-linux-x86_64-fedora-clang, r-devel-linux-x86_64-fedora-gcc
Version: 1.0.4
Check: installed package size
Result: NOTE
installed size is 50.5Mb
sub-directories of 1Mb or more:
libs 49.2Mb
Flavors: r-devel-linux-x86_64-fedora-clang, r-devel-windows-x86_64, r-release-macos-arm64, r-release-macos-x86_64, r-release-windows-x86_64, r-oldrel-macos-arm64, r-oldrel-macos-x86_64
Version: 1.0.4
Check: whether package can be installed
Result: ERROR
Installation failed.
Flavor: r-oldrel-windows-ix86+x86_64