CRAN Package Check Results for Package conStruct

Last updated on 2022-01-25 00:49:44 CET.

Flavor Version Tinstall Tcheck Ttotal Status Flags
r-devel-linux-x86_64-debian-clang 1.0.4 431.87 134.32 566.19 NOTE
r-devel-linux-x86_64-debian-gcc 1.0.4 364.77 118.43 483.20 NOTE
r-devel-linux-x86_64-fedora-clang 1.0.4 829.46 NOTE
r-devel-linux-x86_64-fedora-gcc 1.0.4 870.54 NOTE
r-devel-windows-x86_64-new-UL 1.0.4 321.00 206.00 527.00 NOTE
r-devel-windows-x86_64-new-TK 1.0.4 NOTE
r-patched-linux-x86_64 1.0.4 364.38 161.30 525.68 NOTE
r-release-linux-x86_64 1.0.4 335.32 161.78 497.10 NOTE
r-release-macos-arm64 1.0.4 NOTE
r-release-macos-x86_64 1.0.4 NOTE
r-release-windows-ix86+x86_64 1.0.4 958.00 266.00 1224.00 NOTE
r-oldrel-macos-x86_64 1.0.4 NOTE
r-oldrel-windows-ix86+x86_64 1.0.4 968.00 273.00 1241.00 NOTE

Check Details

Version: 1.0.4
Check: for GNU extensions in Makefiles
Result: NOTE
    GNU make is a SystemRequirements.
Flavors: r-devel-linux-x86_64-debian-clang, r-devel-linux-x86_64-debian-gcc, r-devel-linux-x86_64-fedora-clang, r-devel-linux-x86_64-fedora-gcc, r-devel-windows-x86_64-new-UL, r-devel-windows-x86_64-new-TK, r-patched-linux-x86_64, r-release-linux-x86_64, r-release-macos-arm64, r-release-macos-x86_64, r-release-windows-ix86+x86_64, r-oldrel-macos-x86_64, r-oldrel-windows-ix86+x86_64

Version: 1.0.4
Check: installed package size
Result: NOTE
     installed size is 59.2Mb
     sub-directories of 1Mb or more:
     libs 58.0Mb
Flavors: r-devel-linux-x86_64-fedora-clang, r-devel-windows-x86_64-new-UL, r-release-macos-arm64, r-release-macos-x86_64, r-release-windows-ix86+x86_64, r-oldrel-macos-x86_64, r-oldrel-windows-ix86+x86_64

Version: 1.0.4
Check: line endings in C/C++/Fortran sources/headers
Result: NOTE
    Found the following sources/headers with CR or CRLF line endings:
     src/stan_files/multiK.hpp
     src/stan_files/oneK.hpp
     src/stan_files/space_multiK.hpp
     src/stan_files/space_oneK.hpp
    Some Unix compilers require LF line endings.
Flavor: r-devel-windows-x86_64-new-TK