CRAN Package Check Results for Package composits

Last updated on 2021-06-18 09:52:13 CEST.

Flavor Version Tinstall Tcheck Ttotal Status Flags
r-devel-linux-x86_64-debian-clang 0.1.0 6.14 216.84 222.98 OK
r-devel-linux-x86_64-debian-gcc 0.1.0 5.26 152.05 157.31 OK
r-devel-linux-x86_64-fedora-clang 0.1.0 272.84 OK
r-devel-linux-x86_64-fedora-gcc 0.1.0 258.12 OK
r-devel-windows-x86_64 0.1.0 12.00 276.00 288.00 OK
r-devel-windows-x86_64-gcc10-UCRT 0.1.0 OK
r-patched-linux-x86_64 0.1.0 6.87 204.91 211.78 OK
r-patched-solaris-x86 0.1.0 423.00 OK
r-release-linux-x86_64 0.1.0 6.27 206.98 213.25 OK
r-release-macos-arm64 0.1.0 WARN
r-release-macos-x86_64 0.1.0 OK
r-release-windows-ix86+x86_64 0.1.0 15.00 268.00 283.00 OK
r-oldrel-macos-x86_64 0.1.0 OK
r-oldrel-windows-ix86+x86_64 0.1.0 10.00 212.00 222.00 OK

Check Details

Version: 0.1.0
Check: package dependencies
Result: NOTE
    Package suggested but not available for checking: ‘rgdal’
Flavor: r-release-macos-arm64

Version: 0.1.0
Check: re-building of vignette outputs
Result: WARN
    Error(s) in re-building vignettes:
     ...
    --- re-building ‘composits.Rmd’ using rmarkdown
    Warning in engine$weave(file, quiet = quiet, encoding = enc) :
     Pandoc (>= 1.12.3) not available. Falling back to R Markdown v1.
    Quitting from lines 20-52 (composits.Rmd)
    Error: processing vignette 'composits.Rmd' failed with diagnostics:
    Package rgdal is needed for the vignette. Please install it.
    --- failed re-building ‘composits.Rmd’
    
    SUMMARY: processing the following file failed:
     ‘composits.Rmd’
    
    Error: Vignette re-building failed.
    Execution halted
Flavor: r-release-macos-arm64