CRAN Package Check Results for Package compareDF

Last updated on 2021-10-21 16:49:38 CEST.

Flavor Version Tinstall Tcheck Ttotal Status Flags
r-devel-linux-x86_64-debian-clang 2.3.2 4.91 73.90 78.81 OK
r-devel-linux-x86_64-debian-gcc 2.3.2 4.19 55.23 59.42 OK
r-devel-linux-x86_64-fedora-clang 2.3.2 103.95 NOTE
r-devel-linux-x86_64-fedora-gcc 2.3.2 119.06 NOTE
r-devel-windows-x86_64 2.3.2 10.00 104.00 114.00 OK
r-devel-windows-x86_64-gcc10-UCRT 2.3.2 NOTE
r-patched-linux-x86_64 2.3.2 5.40 61.19 66.59 OK
r-patched-solaris-x86 2.3.2 112.70 NOTE
r-release-linux-x86_64 2.3.2 3.12 61.22 64.34 OK
r-release-macos-arm64 2.3.1 NOTE
r-release-macos-x86_64 2.3.2 NOTE
r-release-windows-ix86+x86_64 2.3.2 10.00 65.00 75.00 OK
r-oldrel-macos-x86_64 2.3.2 NOTE
r-oldrel-windows-ix86+x86_64 2.3.2 10.00 67.00 77.00 OK

Check Details

Version: 2.3.2
Check: dependencies in R code
Result: NOTE
    Namespace in Imports field not imported from: ‘magrittr’
     All declared Imports should be used.
Flavors: r-devel-linux-x86_64-fedora-clang, r-devel-linux-x86_64-fedora-gcc, r-devel-windows-x86_64-gcc10-UCRT, r-patched-solaris-x86, r-release-macos-x86_64, r-oldrel-macos-x86_64

Version: 2.3.1
Check: dependencies in R code
Result: NOTE
    Namespace in Imports field not imported from: ‘magrittr’
     All declared Imports should be used.
Flavor: r-release-macos-arm64