CRAN Package Check Results for Package compareC

Last updated on 2021-12-07 23:54:25 CET.

Flavor Version Tinstall Tcheck Ttotal Status Flags
r-devel-linux-x86_64-debian-clang 1.3.1 2.59 39.57 42.16 NOTE
r-devel-linux-x86_64-debian-gcc 1.3.1 2.11 35.01 37.12 NOTE
r-devel-linux-x86_64-fedora-clang 1.3.1 52.80 NOTE
r-devel-linux-x86_64-fedora-gcc 1.3.1 46.57 NOTE
r-devel-windows-x86_64-new-UL 1.3.1 8.00 65.00 73.00 NOTE
r-devel-windows-x86_64-new-TK 1.3.1 NOTE
r-devel-windows-x86_64-old 1.3.1 5.00 48.00 53.00 NOTE
r-patched-linux-x86_64 1.3.1 2.44 42.14 44.58 NOTE
r-release-linux-x86_64 1.3.1 2.22 41.99 44.21 NOTE
r-release-macos-arm64 1.3.1 NOTE
r-release-macos-x86_64 1.3.1 NOTE
r-release-windows-ix86+x86_64 1.3.1 7.00 61.00 68.00 NOTE
r-oldrel-macos-x86_64 1.3.1 NOTE
r-oldrel-windows-ix86+x86_64 1.3.1 8.00 59.00 67.00 NOTE

Check Details

Version: 1.3.1
Check: R code for possible problems
Result: NOTE
    compareC: no visible global function definition for 'pnorm'
    Undefined global functions or variables:
     pnorm
    Consider adding
     importFrom("stats", "pnorm")
    to your NAMESPACE file.
Flavors: r-devel-linux-x86_64-debian-clang, r-devel-linux-x86_64-debian-gcc, r-devel-linux-x86_64-fedora-clang, r-devel-linux-x86_64-fedora-gcc, r-devel-windows-x86_64-new-UL, r-devel-windows-x86_64-new-TK, r-devel-windows-x86_64-old, r-patched-linux-x86_64, r-release-linux-x86_64, r-release-macos-arm64, r-release-macos-x86_64, r-release-windows-ix86+x86_64, r-oldrel-macos-x86_64, r-oldrel-windows-ix86+x86_64

Version: 1.3.1
Check: compiled code
Result: NOTE
    File ‘compareC/libs/compareC.so’:
     Found no calls to: ‘R_registerRoutines’, ‘R_useDynamicSymbols’
    
    It is good practice to register native routines and to disable symbol
    search.
    
    See ‘Writing portable packages’ in the ‘Writing R Extensions’ manual.
Flavors: r-devel-linux-x86_64-fedora-clang, r-devel-linux-x86_64-fedora-gcc