CRAN Package Check Results for Package combinat

Last updated on 2021-06-15 09:52:43 CEST.

Flavor Version Tinstall Tcheck Ttotal Status Flags
r-devel-linux-x86_64-debian-clang 0.0-8 2.33 21.72 24.05 NOTE
r-devel-linux-x86_64-debian-gcc 0.0-8 1.70 17.16 18.86 NOTE
r-devel-linux-x86_64-fedora-clang 0.0-8 39.30 NOTE
r-devel-linux-x86_64-fedora-gcc 0.0-8 28.27 NOTE
r-devel-windows-x86_64 0.0-8 3.00 33.00 36.00 NOTE
r-devel-windows-x86_64-gcc10-UCRT 0.0-8 NOTE
r-patched-linux-x86_64 0.0-8 2.04 21.34 23.38 NOTE
r-patched-solaris-x86 0.0-8 43.50 NOTE
r-release-linux-x86_64 0.0-8 2.04 21.28 23.32 NOTE
r-release-macos-arm64 0.0-8 NOTE
r-release-macos-x86_64 0.0-8 NOTE
r-release-windows-ix86+x86_64 0.0-8 4.00 23.00 27.00 NOTE
r-oldrel-macos-x86_64 0.0-8 NOTE
r-oldrel-windows-ix86+x86_64 0.0-8 4.00 24.00 28.00 NOTE

Check Details

Version: 0.0-8
Check: DESCRIPTION meta-information
Result: NOTE
    Malformed Description field: should contain one or more complete sentences.
Flavors: r-devel-linux-x86_64-debian-clang, r-devel-linux-x86_64-debian-gcc, r-devel-linux-x86_64-fedora-clang, r-devel-linux-x86_64-fedora-gcc, r-devel-windows-x86_64, r-devel-windows-x86_64-gcc10-UCRT, r-patched-linux-x86_64, r-patched-solaris-x86, r-release-linux-x86_64, r-release-macos-arm64, r-release-macos-x86_64, r-release-windows-ix86+x86_64, r-oldrel-macos-x86_64, r-oldrel-windows-ix86+x86_64