CRAN Package Check Results for Package colourvalues

Last updated on 2021-10-23 05:51:23 CEST.

Flavor Version Tinstall Tcheck Ttotal Status Flags
r-devel-linux-x86_64-debian-clang 0.3.7 83.98 34.22 118.20 NOTE
r-devel-linux-x86_64-debian-gcc 0.3.7 61.85 26.47 88.32 NOTE
r-devel-linux-x86_64-fedora-clang 0.3.7 205.53 NOTE
r-devel-linux-x86_64-fedora-gcc 0.3.7 173.82 NOTE
r-devel-windows-x86_64 0.3.7 111.00 70.00 181.00 NOTE
r-devel-windows-x86_64-gcc10-UCRT 0.3.7 NOTE
r-patched-linux-x86_64 0.3.7 76.79 33.17 109.96 NOTE
r-patched-solaris-x86 0.3.7 158.20 NOTE
r-release-linux-x86_64 0.3.7 80.55 32.76 113.31 NOTE
r-release-macos-arm64 0.3.7 NOTE
r-release-macos-x86_64 0.3.7 NOTE
r-release-windows-ix86+x86_64 0.3.7 165.00 89.00 254.00 NOTE
r-oldrel-macos-x86_64 0.3.7 NOTE
r-oldrel-windows-ix86+x86_64 0.3.7 218.00 93.00 311.00 OK

Check Details

Version: 0.3.7
Check: LazyData
Result: NOTE
     'LazyData' is specified without a 'data' directory
Flavors: r-devel-linux-x86_64-debian-clang, r-devel-linux-x86_64-debian-gcc, r-devel-linux-x86_64-fedora-clang, r-devel-linux-x86_64-fedora-gcc, r-devel-windows-x86_64, r-devel-windows-x86_64-gcc10-UCRT, r-patched-linux-x86_64, r-patched-solaris-x86, r-release-linux-x86_64, r-release-macos-arm64, r-release-macos-x86_64, r-release-windows-ix86+x86_64

Version: 0.3.7
Check: installed package size
Result: NOTE
     installed size is 6.9Mb
     sub-directories of 1Mb or more:
     libs 5.6Mb
Flavors: r-devel-linux-x86_64-fedora-clang, r-release-macos-arm64, r-release-macos-x86_64, r-oldrel-macos-x86_64