CRAN Package Check Results for Package colorr

Last updated on 2021-12-07 23:54:25 CET.

Flavor Version Tinstall Tcheck Ttotal Status Flags
r-devel-linux-x86_64-debian-clang 1.0.0 2.07 27.75 29.82 NOTE
r-devel-linux-x86_64-debian-gcc 1.0.0 1.63 22.49 24.12 NOTE
r-devel-linux-x86_64-fedora-clang 1.0.0 37.70 NOTE
r-devel-linux-x86_64-fedora-gcc 1.0.0 27.49 NOTE
r-devel-windows-x86_64-new-UL 1.0.0 5.00 49.00 54.00 NOTE
r-devel-windows-x86_64-new-TK 1.0.0 NOTE
r-devel-windows-x86_64-old 1.0.0 4.00 34.00 38.00 NOTE
r-patched-linux-x86_64 1.0.0 2.16 26.81 28.97 NOTE
r-release-linux-x86_64 1.0.0 1.94 26.72 28.66 NOTE
r-release-macos-arm64 1.0.0 NOTE
r-release-macos-x86_64 1.0.0 NOTE
r-release-windows-ix86+x86_64 1.0.0 4.00 24.00 28.00 NOTE
r-oldrel-macos-x86_64 1.0.0 OK
r-oldrel-windows-ix86+x86_64 1.0.0 4.00 25.00 29.00 OK

Check Details

Version: 1.0.0
Check: LazyData
Result: NOTE
     'LazyData' is specified without a 'data' directory
Flavors: r-devel-linux-x86_64-debian-clang, r-devel-linux-x86_64-debian-gcc, r-devel-linux-x86_64-fedora-clang, r-devel-linux-x86_64-fedora-gcc, r-devel-windows-x86_64-new-UL, r-devel-windows-x86_64-new-TK, r-devel-windows-x86_64-old, r-patched-linux-x86_64, r-release-linux-x86_64, r-release-macos-arm64, r-release-macos-x86_64, r-release-windows-ix86+x86_64