CRAN Package Check Results for Package colormap

Last updated on 2021-07-25 07:49:56 CEST.

Flavor Version Tinstall Tcheck Ttotal Status Flags
r-devel-linux-x86_64-debian-clang 0.1.4 2.62 31.81 34.43 NOTE
r-devel-linux-x86_64-debian-gcc 0.1.4 2.18 24.92 27.10 NOTE
r-devel-linux-x86_64-fedora-clang 0.1.4 51.18 NOTE
r-devel-linux-x86_64-fedora-gcc 0.1.4 40.38 NOTE
r-devel-windows-x86_64 0.1.4 5.00 45.00 50.00 NOTE
r-devel-windows-x86_64-gcc10-UCRT 0.1.4 NOTE
r-patched-linux-x86_64 0.1.4 2.73 30.44 33.17 NOTE
r-patched-solaris-x86 0.1.4 65.40 NOTE
r-release-linux-x86_64 0.1.4 2.61 30.57 33.18 NOTE
r-release-macos-arm64 0.1.4 NOTE
r-release-macos-x86_64 0.1.4 NOTE
r-release-windows-ix86+x86_64 0.1.4 9.00 45.00 54.00 NOTE
r-oldrel-macos-x86_64 0.1.4 OK
r-oldrel-windows-ix86+x86_64 0.1.4 10.00 59.00 69.00 OK

Check Details

Version: 0.1.4
Check: LazyData
Result: NOTE
     'LazyData' is specified without a 'data' directory
Flavors: r-devel-linux-x86_64-debian-clang, r-devel-linux-x86_64-debian-gcc, r-devel-linux-x86_64-fedora-clang, r-devel-linux-x86_64-fedora-gcc, r-devel-windows-x86_64, r-devel-windows-x86_64-gcc10-UCRT, r-patched-linux-x86_64, r-patched-solaris-x86, r-release-linux-x86_64, r-release-macos-arm64, r-release-macos-x86_64, r-release-windows-ix86+x86_64