CRAN Package Check Results for Package colorist

Last updated on 2021-07-24 07:49:21 CEST.

Flavor Version Tinstall Tcheck Ttotal Status Flags
r-devel-linux-x86_64-debian-clang 0.1.2 10.44 200.23 210.67 OK
r-devel-linux-x86_64-debian-gcc 0.1.2 9.70 145.99 155.69 OK
r-devel-linux-x86_64-fedora-clang 0.1.2 249.65 OK
r-devel-linux-x86_64-fedora-gcc 0.1.2 243.14 OK
r-devel-windows-x86_64 0.1.2 10.00 178.00 188.00 OK
r-devel-windows-x86_64-gcc10-UCRT 0.1.2 OK
r-patched-linux-x86_64 0.1.2 7.09 189.76 196.85 OK
r-patched-solaris-x86 0.1.2 329.50 OK
r-release-linux-x86_64 0.1.2 9.51 189.77 199.28 OK
r-release-macos-arm64 0.1.2 WARN
r-release-macos-x86_64 0.1.2 OK
r-release-windows-ix86+x86_64 0.1.2 21.00 183.00 204.00 OK
r-oldrel-macos-x86_64 0.1.2 OK
r-oldrel-windows-ix86+x86_64 0.1.2 23.00 247.00 270.00 OK

Check Details

Version: 0.1.2
Check: package dependencies
Result: NOTE
    Packages suggested but not available for checking:
     'sf', 'rnaturalearth', 'tigris'
Flavor: r-release-macos-arm64

Version: 0.1.2
Check: re-building of vignette outputs
Result: WARN
    Error(s) in re-building vignettes:
     ...
    --- re-building ‘introduction.Rmd’ using rmarkdown
    Warning in engine$weave(file, quiet = quiet, encoding = enc) :
     Pandoc (>= 1.12.3) not available. Falling back to R Markdown v1.
    Quitting from lines 58-65 (introduction.Rmd)
    Error: processing vignette 'introduction.Rmd' failed with diagnostics:
    there is no package called 'sf'
    --- failed re-building ‘introduction.Rmd’
    
    --- re-building ‘mapping.Rmd’ using rmarkdown
    Warning in engine$weave(file, quiet = quiet, encoding = enc) :
     Pandoc (>= 1.12.3) not available. Falling back to R Markdown v1.
    --- finished re-building ‘mapping.Rmd’
    
    --- re-building ‘tuning.Rmd’ using rmarkdown
    Warning in engine$weave(file, quiet = quiet, encoding = enc) :
     Pandoc (>= 1.12.3) not available. Falling back to R Markdown v1.
    --- finished re-building ‘tuning.Rmd’
    
    SUMMARY: processing the following file failed:
     ‘introduction.Rmd’
    
    Error: Vignette re-building failed.
    Execution halted
Flavor: r-release-macos-arm64