CRAN Package Check Results for Package colorSpec

Last updated on 2021-10-18 04:54:15 CEST.

Flavor Version Tinstall Tcheck Ttotal Status Flags
r-devel-linux-x86_64-debian-clang 1.2-1 4.44 270.22 274.66 OK
r-devel-linux-x86_64-debian-gcc 1.2-1 3.14 205.62 208.76 OK
r-devel-linux-x86_64-fedora-clang 1.2-1 323.45 NOTE
r-devel-linux-x86_64-fedora-gcc 1.2-1 313.56 OK
r-devel-windows-x86_64 1.2-1 8.00 257.00 265.00 NOTE
r-devel-windows-x86_64-gcc10-UCRT 1.2-1 OK
r-patched-linux-x86_64 1.2-1 6.41 279.89 286.30 OK
r-patched-solaris-x86 1.2-1 307.90 NOTE
r-release-linux-x86_64 1.2-1 4.42 278.35 282.77 OK
r-release-macos-arm64 1.2-1 NOTE
r-release-macos-x86_64 1.2-1 NOTE
r-release-windows-ix86+x86_64 1.2-1 9.00 278.00 287.00 NOTE
r-oldrel-macos-x86_64 1.2-1 NOTE
r-oldrel-windows-ix86+x86_64 1.2-1 12.00 283.00 295.00 NOTE

Check Details

Version: 1.2-1
Check: installed package size
Result: NOTE
     installed size is 5.5Mb
     sub-directories of 1Mb or more:
     doc 2.6Mb
     extdata 2.1Mb
Flavors: r-devel-linux-x86_64-fedora-clang, r-devel-windows-x86_64, r-patched-solaris-x86, r-release-macos-arm64, r-release-macos-x86_64, r-release-windows-ix86+x86_64, r-oldrel-macos-x86_64, r-oldrel-windows-ix86+x86_64

Version: 1.2-1
Check: Rd cross-references
Result: NOTE
    Undeclared package ‘plyr’ in Rd xrefs
Flavor: r-devel-linux-x86_64-fedora-clang